{"id":939,"date":"2020-10-29T16:10:09","date_gmt":"2020-10-29T19:10:09","guid":{"rendered":"https:\/\/www.appoloviracel.com.uy\/?post_type=product&#038;p=939"},"modified":"2021-03-30T23:04:15","modified_gmt":"2021-03-31T02:04:15","slug":"xion-xi-sd115-15","status":"publish","type":"product","link":"https:\/\/www.appoloviracel.com.uy\/index.php\/product\/xion-xi-sd115-15\/","title":{"rendered":"Parlante Xion \u00abXI-SD115\u00bb 15 pulgadas"},"content":{"rendered":"<h4>Caracter\u00edsticas y especificaciones:<\/h4>\n<ul>\n<li><strong>Parlante Profesional Activo 15&#8243;<\/strong><\/li>\n<li>6000Watts PMPO<\/li>\n<li>Mp3\/ WMA\/USB\/SD<\/li>\n<li>Entrada para micr\u00f3fono y micr\u00f3fono inclu\u00eddo<\/li>\n<li>Control Remoto<\/li>\n<li>Amplificador incorporado<\/li>\n<li>FM Ecualizador<\/li>\n<li>Bluetooth<\/li>\n<li>Con luces disco LED<\/li>\n<li>Bater\u00eda: 4,5AH<\/li>\n<li>15&#8243; woofer + tweeter 93dB+\/-3dB<\/li>\n<li>Medidas de la caja: 482 * 427 * 715 mm<\/li>\n<li>Peso 14,50 Kg<strong> \u00a0\u00a0\u00a0 <\/strong><\/li>\n<\/ul>\n<p>&nbsp;<\/p>\n<h5>*Las im\u00e1genes son a modo ilustrativo.<\/h5>\n","protected":false},"excerpt":{"rendered":"<h3><strong><span style=\"color: #339966;\">U$S 139\u00a0\u00a0\u00a0<\/span>\u00a0<\/strong><\/h3>\n","protected":false},"featured_media":940,"comment_status":"open","ping_status":"closed","template":"","meta":[],"_links":{"self":[{"href":"https:\/\/www.appoloviracel.com.uy\/index.php\/wp-json\/wp\/v2\/product\/939"}],"collection":[{"href":"https:\/\/www.appoloviracel.com.uy\/index.php\/wp-json\/wp\/v2\/product"}],"about":[{"href":"https:\/\/www.appoloviracel.com.uy\/index.php\/wp-json\/wp\/v2\/types\/product"}],"replies":[{"embeddable":true,"href":"https:\/\/www.appoloviracel.com.uy\/index.php\/wp-json\/wp\/v2\/comments?post=939"}],"wp:featuredmedia":[{"embeddable":true,"href":"https:\/\/www.appoloviracel.com.uy\/index.php\/wp-json\/wp\/v2\/media\/940"}],"wp:attachment":[{"href":"https:\/\/www.appoloviracel.com.uy\/index.php\/wp-json\/wp\/v2\/media?parent=939"}],"curies":[{"name":"wp","href":"https:\/\/api.w.org\/{rel}","templated":true}]}}