{"id":884,"date":"2020-10-29T00:03:40","date_gmt":"2020-10-29T03:03:40","guid":{"rendered":"https:\/\/www.appoloviracel.com.uy\/?post_type=product&#038;p=884"},"modified":"2022-03-08T15:58:10","modified_gmt":"2022-03-08T18:58:10","slug":"edifier-r1100-negro-en-madera","status":"publish","type":"product","link":"https:\/\/www.appoloviracel.com.uy\/index.php\/product\/edifier-r1100-negro-en-madera\/","title":{"rendered":"Parlante Edifier \u00abR1100\u00bb Negro en Madera"},"content":{"rendered":"<h4>Caracter\u00edsticas y especificaciones:<\/h4>\n<p>Los altavoces R1100 est\u00e1n hechos para PC y otros sistemas de audio. Los tweeters de c\u00fapula de seda ofrecen reproducci\u00f3n de audio de alta calidad para todo tipo de m\u00fasica.<br \/>\nDesde electr\u00f3nica hasta rock, prep\u00e1rate para una fiesta en cualquier momento. La reproducci\u00f3n de audio tambi\u00e9n es perfecta para pel\u00edculas y juegos.<\/p>\n<ul>\n<li>Soluci\u00f3n de audio de alta calidad y bajo costo<\/li>\n<li>Dise\u00f1o cl\u00e1sico y calidad de construcci\u00f3n<\/li>\n<li>Controles ajustables en altavoz activo<\/li>\n<li>Frecuencias altas y medias<\/li>\n<li>Impresionante reproducci\u00f3n de audio<\/li>\n<li>Dimensiones de altavoz frontal: 140*226*197 mm<\/li>\n<li>Entrada de l\u00ednea (est\u00e9reo) conector RCA<\/li>\n<li>Tipo: 2.0<\/li>\n<li>Potencia total: 42 W<\/li>\n<li>Gama de frecuencias: 65-20000 Hz<\/li>\n<li>Relaci\u00f3n se\u00f1al\/ruido: 85 dB<\/li>\n<li>Control de tono de graves<\/li>\n<li>El n\u00famero de bandas de los altavoces frontales: 2<\/li>\n<li>Potencia de los altavoces frontales: 21 W<\/li>\n<li>Dimensiones de los altavoces los altavoces frontales: 1*13 , 1*116 mm<\/li>\n<\/ul>\n<p>&nbsp;<\/p>\n<h5>*Las im\u00e1genes son a modo ilustrativo.<\/h5>\n","protected":false},"excerpt":{"rendered":"<p><span style=\"color: #ff0000;\">ARTICULO AGOTADO<\/span><\/p>\n","protected":false},"featured_media":885,"comment_status":"open","ping_status":"closed","template":"","meta":[],"_links":{"self":[{"href":"https:\/\/www.appoloviracel.com.uy\/index.php\/wp-json\/wp\/v2\/product\/884"}],"collection":[{"href":"https:\/\/www.appoloviracel.com.uy\/index.php\/wp-json\/wp\/v2\/product"}],"about":[{"href":"https:\/\/www.appoloviracel.com.uy\/index.php\/wp-json\/wp\/v2\/types\/product"}],"replies":[{"embeddable":true,"href":"https:\/\/www.appoloviracel.com.uy\/index.php\/wp-json\/wp\/v2\/comments?post=884"}],"wp:featuredmedia":[{"embeddable":true,"href":"https:\/\/www.appoloviracel.com.uy\/index.php\/wp-json\/wp\/v2\/media\/885"}],"wp:attachment":[{"href":"https:\/\/www.appoloviracel.com.uy\/index.php\/wp-json\/wp\/v2\/media?parent=884"}],"curies":[{"name":"wp","href":"https:\/\/api.w.org\/{rel}","templated":true}]}}