{"id":878,"date":"2020-10-28T23:58:36","date_gmt":"2020-10-29T02:58:36","guid":{"rendered":"https:\/\/www.appoloviracel.com.uy\/?post_type=product&#038;p=878"},"modified":"2022-07-22T18:16:02","modified_gmt":"2022-07-22T21:16:02","slug":"edifier-r12u","status":"publish","type":"product","link":"https:\/\/www.appoloviracel.com.uy\/index.php\/product\/edifier-r12u\/","title":{"rendered":"Parlante Edifier \u00abR12U\u00bb"},"content":{"rendered":"<h4>Caracter\u00edsticas y especificaciones:<\/h4>\n<p>El <strong>R12U<\/strong> resulta conveniente por su uso opcional del auxiliar de 3.5mm para utilizar en reproductores MP3, celulares y m\u00e1s. Tambi\u00e9n cuenta con un dise\u00f1o que lo hace ajustarse en espacios compactos.<\/p>\n<ul>\n<li>Potencia total de salida RMS 2W * 2 (THD+N=10%, F0=1KHz)<\/li>\n<li>Relaci\u00f3n se\u00f1al-ruido\u226785dBA.<\/li>\n<li>THD (Distorsi\u00f3n Arm\u00f3nica Total) \u22660.5%<\/li>\n<li>Respuesta de Frecuencia: 180Hz ~ 20kHz (\u00b15dB)<\/li>\n<li>Sensibilidad de entrada: 700mV \u00b1 50mV.<\/li>\n<li>Tipo de entrada: AUX<\/li>\n<li>Tipo de conexi\u00f3n: 3.5mm TRS.<\/li>\n<li>Cono del parlante: 2.25&#8243; (60mm)<\/li>\n<\/ul>\n<p>&nbsp;<\/p>\n<h5>*Las im\u00e1genes son a modo ilustrativo.<\/h5>\n","protected":false},"excerpt":{"rendered":"<h3><span style=\"color: #339966;\">$ 1.390<\/span><\/h3>\n","protected":false},"featured_media":879,"comment_status":"open","ping_status":"closed","template":"","meta":[],"_links":{"self":[{"href":"https:\/\/www.appoloviracel.com.uy\/index.php\/wp-json\/wp\/v2\/product\/878"}],"collection":[{"href":"https:\/\/www.appoloviracel.com.uy\/index.php\/wp-json\/wp\/v2\/product"}],"about":[{"href":"https:\/\/www.appoloviracel.com.uy\/index.php\/wp-json\/wp\/v2\/types\/product"}],"replies":[{"embeddable":true,"href":"https:\/\/www.appoloviracel.com.uy\/index.php\/wp-json\/wp\/v2\/comments?post=878"}],"wp:featuredmedia":[{"embeddable":true,"href":"https:\/\/www.appoloviracel.com.uy\/index.php\/wp-json\/wp\/v2\/media\/879"}],"wp:attachment":[{"href":"https:\/\/www.appoloviracel.com.uy\/index.php\/wp-json\/wp\/v2\/media?parent=878"}],"curies":[{"name":"wp","href":"https:\/\/api.w.org\/{rel}","templated":true}]}}