{"id":864,"date":"2020-10-28T20:46:33","date_gmt":"2020-10-28T23:46:33","guid":{"rendered":"https:\/\/www.appoloviracel.com.uy\/?post_type=product&#038;p=864"},"modified":"2021-03-30T22:43:14","modified_gmt":"2021-03-31T01:43:14","slug":"genius-sp-u115-usb","status":"publish","type":"product","link":"https:\/\/www.appoloviracel.com.uy\/index.php\/product\/genius-sp-u115-usb\/","title":{"rendered":"Parlante Genius \u00abSP-U115\u00bb (USB 2.0)"},"content":{"rendered":"<h4>Caracter\u00edsticas y especificaciones:<\/h4>\n<ul>\n<li>Salida total RMS: 1,5 watts.<\/li>\n<li>Potencia m\u00e1xima total: 3 watts.<\/li>\n<li>Energ\u00eda a trav\u00e9s de puerto USB de computadora port\u00e1til o de escritorio.<\/li>\n<li>Altavoces 50*50 para un excelente sonido.<\/li>\n<li>Panel frontal brillante.<\/li>\n<li>Control de volumen.<\/li>\n<\/ul>\n<p>&nbsp;<\/p>\n<h5>*Las im\u00e1genes son a modo ilustrativo.<\/h5>\n","protected":false},"excerpt":{"rendered":"<h3><span style=\"color: #339966;\"><strong>U$S 15<\/strong><\/span><\/h3>\n","protected":false},"featured_media":865,"comment_status":"open","ping_status":"closed","template":"","meta":[],"_links":{"self":[{"href":"https:\/\/www.appoloviracel.com.uy\/index.php\/wp-json\/wp\/v2\/product\/864"}],"collection":[{"href":"https:\/\/www.appoloviracel.com.uy\/index.php\/wp-json\/wp\/v2\/product"}],"about":[{"href":"https:\/\/www.appoloviracel.com.uy\/index.php\/wp-json\/wp\/v2\/types\/product"}],"replies":[{"embeddable":true,"href":"https:\/\/www.appoloviracel.com.uy\/index.php\/wp-json\/wp\/v2\/comments?post=864"}],"wp:featuredmedia":[{"embeddable":true,"href":"https:\/\/www.appoloviracel.com.uy\/index.php\/wp-json\/wp\/v2\/media\/865"}],"wp:attachment":[{"href":"https:\/\/www.appoloviracel.com.uy\/index.php\/wp-json\/wp\/v2\/media?parent=864"}],"curies":[{"name":"wp","href":"https:\/\/api.w.org\/{rel}","templated":true}]}}