{"id":8425,"date":"2021-12-16T22:06:24","date_gmt":"2021-12-17T01:06:24","guid":{"rendered":"https:\/\/www.appoloviracel.com.uy\/?post_type=product&#038;p=8425"},"modified":"2022-12-22T15:00:24","modified_gmt":"2022-12-22T18:00:24","slug":"smartwatch-amazfit-band-5","status":"publish","type":"product","link":"https:\/\/www.appoloviracel.com.uy\/index.php\/product\/smartwatch-amazfit-band-5\/","title":{"rendered":"Smartwatch Amazfit \u00abBand 5\u00bb"},"content":{"rendered":"<h4>Caracter\u00edsticas y especificaciones:<\/h4>\n<ul>\n<li>Amazfit Band 5 llega con medidor de oxigeno en sangre y Alexa<\/li>\n<li>PANTALLA: HD Color AMOLED; Modo de pantalla siempre encendida<\/li>\n<li>PESO: 11,9 gramos<\/li>\n<li>SENSORES: Frecuencia card\u00edaca y medidor de ox\u00edgeno en sangre<\/li>\n<li>SISTEMA OPERATIVO: Amazfit OS con 11 modos de deporte<\/li>\n<li>RESISTENCIA AL AGUA: 50 m de profundidad<\/li>\n<li>AUTONOM\u00cdA: Hasta 15 d\u00edas de uso normal; Hasta 25 d\u00edas en modo ahorro<\/li>\n<li>CONECTIVIDAD: Bluetooth<\/li>\n<li>COMPATIBILIDAD: iOS y Android<\/li>\n<li>OTROS: Asistente Alexa; Micr\u00f3fono y altavoz; Modo de salud femenina; Control remoto para hacer fotos<\/li>\n<li><strong>Garant\u00eda<\/strong>: 6 meses contra defecto de fabricaci\u00f3n<\/li>\n<\/ul>\n<h4><\/h4>\n<h4><span style=\"color: #ff0000;\"><strong>* La garant\u00eda no cubre falla que se pueda dar por un uso intensivo.<\/strong><\/span><\/h4>\n<h5><strong>*Las im\u00e1genes son a modo ilustrativo.<\/strong><\/h5>\n","protected":false},"excerpt":{"rendered":"<h3><span style=\"color: #ff0000;\"><strong><span style=\"color: #339966;\">U$S 55<\/span><br \/>\n<\/strong><\/span><\/h3>\n<h5><span style=\"color: #ff0000;\">Colores disponibles naranja y verde<\/span><\/h5>\n<h5><span style=\"color: #ff0000;\">(Incluye pulsera extra color negro)<br \/>\n<\/span><\/h5>\n<h3><span style=\"color: #339966;\"><strong>\u00a0<\/strong><\/span><\/h3>\n","protected":false},"featured_media":8426,"comment_status":"open","ping_status":"closed","template":"","meta":[],"_links":{"self":[{"href":"https:\/\/www.appoloviracel.com.uy\/index.php\/wp-json\/wp\/v2\/product\/8425"}],"collection":[{"href":"https:\/\/www.appoloviracel.com.uy\/index.php\/wp-json\/wp\/v2\/product"}],"about":[{"href":"https:\/\/www.appoloviracel.com.uy\/index.php\/wp-json\/wp\/v2\/types\/product"}],"replies":[{"embeddable":true,"href":"https:\/\/www.appoloviracel.com.uy\/index.php\/wp-json\/wp\/v2\/comments?post=8425"}],"wp:featuredmedia":[{"embeddable":true,"href":"https:\/\/www.appoloviracel.com.uy\/index.php\/wp-json\/wp\/v2\/media\/8426"}],"wp:attachment":[{"href":"https:\/\/www.appoloviracel.com.uy\/index.php\/wp-json\/wp\/v2\/media?parent=8425"}],"curies":[{"name":"wp","href":"https:\/\/api.w.org\/{rel}","templated":true}]}}