{"id":765,"date":"2020-10-23T18:59:54","date_gmt":"2020-10-23T21:59:54","guid":{"rendered":"https:\/\/www.appoloviracel.com.uy\/?post_type=product&#038;p=765"},"modified":"2023-07-12T20:16:48","modified_gmt":"2023-07-12T23:16:48","slug":"philips-sqh-4300","status":"publish","type":"product","link":"https:\/\/www.appoloviracel.com.uy\/index.php\/product\/philips-sqh-4300\/","title":{"rendered":"Auricular Philips \u00abSQH 4300\u00bb (Intrauditivo)"},"content":{"rendered":"<h4>Caracter\u00edsticas y especificaciones:<\/h4>\n<p>Modelo de <strong>Philips\u00a0SHQ 4300<\/strong> en el set de par\u00e1metros lleva el 4604 lugar en la categor\u00eda de calificaci\u00f3n &#8216;Tel\u00e9fonos m\u00f3viles&#8217;. Esto significa que es mejor que el 68.5% de los modelos en esta categor\u00eda. El modelo es muy popular y tiene excelentes calificaciones de los usuarios. Philips SHQ 4300 tiene caracter\u00edsticas que son superiores al valor medio para la categor\u00eda. Ellos incluyen par\u00e1metros tales como el peso, de la m\u00ednima frecuencia a la m\u00e1xima frecuencia, Micr\u00f3fono, el soporte para el iPhone.<\/p>\n<ul>\n<li>Tipo de montaje: grillete occipital<\/li>\n<li>Di\u00e1metro de la membrana: 8.6 mm<\/li>\n<li>Conexi\u00f3n del cable: unilateral<\/li>\n<li>Conectores: mini jack de 3,5 mm<\/li>\n<li>Longitud del cable: 1.2 m<\/li>\n<li>Forma del conector: L<\/li>\n<li>El tipo de conexi\u00f3n: por cables<\/li>\n<li>Rango de Frecuencia: 5 Hz a 24 KHz<\/li>\n<li>Impedancia: 16 Ohmios<\/li>\n<li>La sensibilidad: 107 dB<\/li>\n<li>Peso: 11.4 g<\/li>\n<li>Soporte para el iPhone:\u00a0 s\u00ed<\/li>\n<\/ul>\n<p>&nbsp;<\/p>\n<h5><strong>*Las im\u00e1genes son a modo ilustrativo.<\/strong><\/h5>\n","protected":false},"excerpt":{"rendered":"<h3><span style=\"color: #339966;\">$ 990<\/span><\/h3>\n","protected":false},"featured_media":766,"comment_status":"open","ping_status":"closed","template":"","meta":[],"_links":{"self":[{"href":"https:\/\/www.appoloviracel.com.uy\/index.php\/wp-json\/wp\/v2\/product\/765"}],"collection":[{"href":"https:\/\/www.appoloviracel.com.uy\/index.php\/wp-json\/wp\/v2\/product"}],"about":[{"href":"https:\/\/www.appoloviracel.com.uy\/index.php\/wp-json\/wp\/v2\/types\/product"}],"replies":[{"embeddable":true,"href":"https:\/\/www.appoloviracel.com.uy\/index.php\/wp-json\/wp\/v2\/comments?post=765"}],"wp:featuredmedia":[{"embeddable":true,"href":"https:\/\/www.appoloviracel.com.uy\/index.php\/wp-json\/wp\/v2\/media\/766"}],"wp:attachment":[{"href":"https:\/\/www.appoloviracel.com.uy\/index.php\/wp-json\/wp\/v2\/media?parent=765"}],"curies":[{"name":"wp","href":"https:\/\/api.w.org\/{rel}","templated":true}]}}