{"id":7598,"date":"2021-11-30T12:00:19","date_gmt":"2021-11-30T15:00:19","guid":{"rendered":"https:\/\/www.appoloviracel.com.uy\/?post_type=product&#038;p=7598"},"modified":"2023-05-06T13:40:12","modified_gmt":"2023-05-06T16:40:12","slug":"celular-tecno-spark-7-64gb-4gb","status":"publish","type":"product","link":"https:\/\/www.appoloviracel.com.uy\/index.php\/product\/celular-tecno-spark-7-64gb-4gb\/","title":{"rendered":"Celular TECNO \u00abSpark 7\u00bb (64Gb-4Gb)"},"content":{"rendered":"<h4>Caracter\u00edsticas y especificaciones:<\/h4>\n<p><strong>Tecno Spark 7<\/strong> es un smartphone de 2021. Su tama\u00f1o es 164.8 * 76.1 * 9.5 mm. Tiene una pantalla IPS LCD de 6.52&#8243;. La resoluci\u00f3n es de 720 * 1600 y una densidad de los p\u00edxeles de 269 ppi\u00a0 La c\u00e1mara frontera singular de 8 MP. La c\u00e1mara trasera doble de 48 MP. Su procesador es Octa-core (4*2.3 GHz Cortex-A53 &amp; 4*1.8 GHz Cortex-A53) y memoria 64Gb 4Gb RAM. Su bater\u00eda es de 6000 mAh<\/p>\n<ul>\n<li>Se incluyen los siguientes accesorios: <strong>Cargador y Manual<\/strong><\/li>\n<li><strong>Garant\u00eda:<\/strong> 12 meses contra defecto de fabricaci\u00f3n<\/li>\n<\/ul>\n<h4><\/h4>\n<h4><span style=\"color: #ff0000;\"><strong>Contado efectivo: 10% de Descuento<\/strong><\/span><\/h4>\n<h5><strong>*Las im\u00e1genes son a modo ilustrativo.<\/strong><\/h5>\n","protected":false},"excerpt":{"rendered":"<h3><strong><span style=\"color: #339966;\">U$S 259<\/span> <\/strong><\/h3>\n","protected":false},"featured_media":7599,"comment_status":"open","ping_status":"closed","template":"","meta":[],"_links":{"self":[{"href":"https:\/\/www.appoloviracel.com.uy\/index.php\/wp-json\/wp\/v2\/product\/7598"}],"collection":[{"href":"https:\/\/www.appoloviracel.com.uy\/index.php\/wp-json\/wp\/v2\/product"}],"about":[{"href":"https:\/\/www.appoloviracel.com.uy\/index.php\/wp-json\/wp\/v2\/types\/product"}],"replies":[{"embeddable":true,"href":"https:\/\/www.appoloviracel.com.uy\/index.php\/wp-json\/wp\/v2\/comments?post=7598"}],"wp:featuredmedia":[{"embeddable":true,"href":"https:\/\/www.appoloviracel.com.uy\/index.php\/wp-json\/wp\/v2\/media\/7599"}],"wp:attachment":[{"href":"https:\/\/www.appoloviracel.com.uy\/index.php\/wp-json\/wp\/v2\/media?parent=7598"}],"curies":[{"name":"wp","href":"https:\/\/api.w.org\/{rel}","templated":true}]}}