{"id":713,"date":"2020-10-22T20:29:06","date_gmt":"2020-10-22T23:29:06","guid":{"rendered":"https:\/\/www.appoloviracel.com.uy\/?post_type=product&#038;p=713"},"modified":"2021-06-25T19:10:01","modified_gmt":"2021-06-25T22:10:01","slug":"gorsun-v9-tws","status":"publish","type":"product","link":"https:\/\/www.appoloviracel.com.uy\/index.php\/product\/gorsun-v9-tws\/","title":{"rendered":"Auricular Gorsun \u00abV9\u00bb (TWS-Bluetooth)"},"content":{"rendered":"<h4>Caracter\u00edsticas y especificaciones:<\/h4>\n<ul>\n<li>Calidad de sonido superior: el micr\u00f3fono HD integrado y la tecnolog\u00eda de reducci\u00f3n de ruido de los auriculares Bluetooth proporcionar\u00e1 una excelente experiencia de escucha con sonido est\u00e9reo HiFi cuando escuches m\u00fasica y contestas llamadas, tambi\u00e9n puedes utilizar por separado o compartir la misma m\u00fasica o pel\u00edculas con amigos y familiares.<\/li>\n<li>Auriculares Bluetooth V5.0 de TWS: con la \u00faltima tecnolog\u00eda Bluetooth 5.0, estos auriculares inal\u00e1mbricos ofrecen un sonido de primera clase, proporciona un emparejamiento m\u00e1s r\u00e1pido, la conexi\u00f3n m\u00e1s estable y la distancia de trabajo es de hasta 10 metros, ofrece velocidades r\u00e1pidas para conectar el dispositivo para escuchar m\u00fasica y responder llamadas<\/li>\n<li>Control t\u00e1ctil y f\u00e1cil de emparejar: control de un solo toque para lograr m\u00faltiples funciones: contestar\/rechazar llamadas, saltar\/reproducir\/pausar canciones, asistente de voz (como Siri), este auricular Bluetooth est\u00e1 equipado con una sola etapa de combinaci\u00f3n y tecnolog\u00eda de emparejamiento autom\u00e1tico, una vez que sacas los auriculares de la funda de carga, se encender\u00e1 y se emparejar\u00e1 autom\u00e1ticamente cuando se pone en la funda de carga, se apagar\u00e1 autom\u00e1ticamente y se cargar\u00e1.<\/li>\n<li>Funda de carga port\u00e1til: los auriculares inal\u00e1mbricos gemelos pueden durar 5 horas de reproducci\u00f3n con una sola carga, caja de carga (400 mAh, cargada por cable o inal\u00e1mbrica) puede cargar los dos auriculares durante 4 veces, por lo que los auriculares gemelos pueden durar hasta 20 horas. Puedes viajar, entrenar, acampar, hacer senderismo sin preocuparte por la falta de bater\u00eda, mini y ultra ligero para un ajuste c\u00f3modo.<\/li>\n<li>Activaci\u00f3n de voz: nuestros auriculares Bluetooth en el o\u00eddo son compatibles con asistente de voz (como Siri), puedes llamar a cualquier persona que quieras y que sea muy conveniente. Siempre estamos dedicados a proporcionar productos de buena calidad, si no est\u00e1s satisfecho con nuestros auriculares inal\u00e1mbricos por cualquier raz\u00f3n o tienes cualquier pregunta sobre c\u00f3mo usar, ponte en contacto con nuestro servicio al cliente las 24 horas para una respuesta r\u00e1pida.<\/li>\n<\/ul>\n<ul>\n<li><strong>Caracter\u00edsticas especiales: <\/strong>Micr\u00f3fono, Wireless, Supresi\u00f3n de ruido, Lightweight, Deportes y ejercicio<\/li>\n<li><strong>Factor de forma del micr\u00f3fono: <\/strong>Incorporado<\/li>\n<li><strong>Factor de forma de los auriculares: <\/strong>In Ear<\/li>\n<li><strong>Fuente de energ\u00eda: <\/strong>AC &amp; Bater\u00eda<\/li>\n<li><strong>Bater\u00edas incluidas: <\/strong>S\u00ed<\/li>\n<li><strong>Tipo<\/strong>: 3 Litio Ion necesaria(s), incluida(s)<\/li>\n<li><strong>Composici\u00f3n de celdas de bater\u00eda: <\/strong>Litio Ion<\/li>\n<li><strong>Tipo de conexi\u00f3n: <\/strong>Bluetooth<\/li>\n<li><strong>Dimensiones del producto: <\/strong>8 * 5.6 * 2.8 cm<\/li>\n<li><strong>Peso<\/strong>: 49.9 grs.<\/li>\n<\/ul>\n<p>&nbsp;<\/p>\n<h5><strong>*Las im\u00e1genes son a modo ilustrativo.<\/strong><\/h5>\n","protected":false},"excerpt":{"rendered":"<h3><span style=\"color: #339966;\">$ 1.250<\/span><\/h3>\n","protected":false},"featured_media":714,"comment_status":"open","ping_status":"closed","template":"","meta":[],"_links":{"self":[{"href":"https:\/\/www.appoloviracel.com.uy\/index.php\/wp-json\/wp\/v2\/product\/713"}],"collection":[{"href":"https:\/\/www.appoloviracel.com.uy\/index.php\/wp-json\/wp\/v2\/product"}],"about":[{"href":"https:\/\/www.appoloviracel.com.uy\/index.php\/wp-json\/wp\/v2\/types\/product"}],"replies":[{"embeddable":true,"href":"https:\/\/www.appoloviracel.com.uy\/index.php\/wp-json\/wp\/v2\/comments?post=713"}],"wp:featuredmedia":[{"embeddable":true,"href":"https:\/\/www.appoloviracel.com.uy\/index.php\/wp-json\/wp\/v2\/media\/714"}],"wp:attachment":[{"href":"https:\/\/www.appoloviracel.com.uy\/index.php\/wp-json\/wp\/v2\/media?parent=713"}],"curies":[{"name":"wp","href":"https:\/\/api.w.org\/{rel}","templated":true}]}}