{"id":6993,"date":"2021-09-29T19:32:02","date_gmt":"2021-09-29T22:32:02","guid":{"rendered":"https:\/\/www.appoloviracel.com.uy\/?post_type=product&#038;p=6993"},"modified":"2021-11-19T22:03:39","modified_gmt":"2021-11-20T01:03:39","slug":"mouse-meetion-m371-gaming-usb-optico","status":"publish","type":"product","link":"https:\/\/www.appoloviracel.com.uy\/index.php\/product\/mouse-meetion-m371-gaming-usb-optico\/","title":{"rendered":"Mouse Meetion \u00abM371\u00bb Gaming USB \u00d3ptico"},"content":{"rendered":"<h4>Caracter\u00edsticas y especificaciones:<\/h4>\n<p>El mouse M371 ha sido construido con un sensor \u00f3ptico de grado \u00f3ptimo para juegos, con alta velocidad de detecci\u00f3n de movimiento y aceleraci\u00f3n, ofreciendo adem\u00e1s un DPI variable desde 800 hasta 1600.<br \/>\nEl M371 cuenta con un dise\u00f1o ergon\u00f3mico y moderno con la finalidad de ofrecer el m\u00e1ximo confort posible para largas sesiones de juego. As\u00ed mismo, su superficie anti-resbalante asegura un gran agarre preciso para nunca perder el control en medio de la batalla.<\/p>\n<h5><strong>\u00a0<\/strong><strong>*Las im\u00e1genes son a modo ilustrativo.<\/strong><\/h5>\n","protected":false},"excerpt":{"rendered":"<h3><strong><span style=\"color: #339966;\">$ 269<\/span> <\/strong><\/h3>\n","protected":false},"featured_media":6994,"comment_status":"open","ping_status":"closed","template":"","meta":[],"_links":{"self":[{"href":"https:\/\/www.appoloviracel.com.uy\/index.php\/wp-json\/wp\/v2\/product\/6993"}],"collection":[{"href":"https:\/\/www.appoloviracel.com.uy\/index.php\/wp-json\/wp\/v2\/product"}],"about":[{"href":"https:\/\/www.appoloviracel.com.uy\/index.php\/wp-json\/wp\/v2\/types\/product"}],"replies":[{"embeddable":true,"href":"https:\/\/www.appoloviracel.com.uy\/index.php\/wp-json\/wp\/v2\/comments?post=6993"}],"wp:featuredmedia":[{"embeddable":true,"href":"https:\/\/www.appoloviracel.com.uy\/index.php\/wp-json\/wp\/v2\/media\/6994"}],"wp:attachment":[{"href":"https:\/\/www.appoloviracel.com.uy\/index.php\/wp-json\/wp\/v2\/media?parent=6993"}],"curies":[{"name":"wp","href":"https:\/\/api.w.org\/{rel}","templated":true}]}}