{"id":6927,"date":"2021-09-22T19:32:25","date_gmt":"2021-09-22T22:32:25","guid":{"rendered":"https:\/\/www.appoloviracel.com.uy\/?post_type=product&#038;p=6927"},"modified":"2021-11-14T23:21:31","modified_gmt":"2021-11-15T02:21:31","slug":"auricular-jbl-endurance-sprint-manos-libres-y-bluetooth","status":"publish","type":"product","link":"https:\/\/www.appoloviracel.com.uy\/index.php\/product\/auricular-jbl-endurance-sprint-manos-libres-y-bluetooth\/","title":{"rendered":"Auricular JBL \u00abEndurance Sprint\u00bb\u00bb Manos libres y bluetooth"},"content":{"rendered":"<h4>Caracter\u00edsticas y especificaciones:<\/h4>\n<p>Su conexi\u00f3n inal\u00e1mbrica por Bluetooth\u00ae te permite reproducir m\u00fasica de alta calidad sin que las molestias habituales de los cables enredados interfieran en tu entrenamiento. Puedes cargar tus auriculares para una hora de uso en tan solo 10 minutos.<\/p>\n<p>Su dise\u00f1o de ajuste seguro en la oreja proporciona una estabilidad total durante el entrenamiento. La sujeci\u00f3n magn\u00e9tica proporciona una c\u00f3moda soluci\u00f3n de almacenamiento para tus auriculares cuando no los est\u00e9s usando. Suj\u00e9talos en tu camiseta o alrededor de tu mochila para manipularlos f\u00e1cilmente.<\/p>\n<p>Gracias a las tecnolog\u00edas TwistLockTM y FlexSoftTM, estos auriculares son ligeros y cuentan con un dise\u00f1o ergon\u00f3mico para garantizar la comodidad y estabilidad sin importar el tipo de entrenamiento.<\/p>\n<p>Inal\u00e1mbricos y con resistencia al agua IPX7, los auriculares JBL Endurance SPRINT est\u00e1n siempre listos para salir a la carrera.<\/p>\n<ul>\n<li><strong>Versi\u00f3n Bluetooth: 4.2 (2.402GHz-2.48GHz \/ HFP v1.6, A2DP v1.3, AVRCP v1.5)<\/strong><\/li>\n<li><strong>Material del tap\u00f3n del auricular: Silicona<\/strong><\/li>\n<li><strong>Driver: 10mm<\/strong><\/li>\n<li><strong>Sensibilidad del driver a 1kHz1mW: -20dB<\/strong><\/li>\n<li><strong>Respuesta de frecuencia din\u00e1mica: 20Hz\u201320kHz<\/strong><\/li>\n<li><strong>Impedancia de entrada: 16 ohms<\/strong><\/li>\n<li><strong>Tipo de bater\u00eda: Lithium-ion polymer (3.7V, 120mAh)<\/strong><\/li>\n<li><strong>Micr\u00f3fono integrado<\/strong><\/li>\n<li><strong>Llamadas con manos libres<\/strong><\/li>\n<li><strong>Control t\u00e1ctil<\/strong><\/li>\n<\/ul>\n<h5><\/h5>\n<h5><strong>*Las im\u00e1genes son a modo ilustrativo.<\/strong><\/h5>\n","protected":false},"excerpt":{"rendered":"<h3><span style=\"color: #339966;\"><strong>U$S 49<\/strong><\/span><\/h3>\n","protected":false},"featured_media":6928,"comment_status":"open","ping_status":"closed","template":"","meta":[],"_links":{"self":[{"href":"https:\/\/www.appoloviracel.com.uy\/index.php\/wp-json\/wp\/v2\/product\/6927"}],"collection":[{"href":"https:\/\/www.appoloviracel.com.uy\/index.php\/wp-json\/wp\/v2\/product"}],"about":[{"href":"https:\/\/www.appoloviracel.com.uy\/index.php\/wp-json\/wp\/v2\/types\/product"}],"replies":[{"embeddable":true,"href":"https:\/\/www.appoloviracel.com.uy\/index.php\/wp-json\/wp\/v2\/comments?post=6927"}],"wp:featuredmedia":[{"embeddable":true,"href":"https:\/\/www.appoloviracel.com.uy\/index.php\/wp-json\/wp\/v2\/media\/6928"}],"wp:attachment":[{"href":"https:\/\/www.appoloviracel.com.uy\/index.php\/wp-json\/wp\/v2\/media?parent=6927"}],"curies":[{"name":"wp","href":"https:\/\/api.w.org\/{rel}","templated":true}]}}