{"id":6724,"date":"2021-08-20T21:52:01","date_gmt":"2021-08-21T00:52:01","guid":{"rendered":"https:\/\/www.appoloviracel.com.uy\/?post_type=product&#038;p=6724"},"modified":"2021-09-29T19:43:50","modified_gmt":"2021-09-29T22:43:50","slug":"smartwatch-blackview-x5","status":"publish","type":"product","link":"https:\/\/www.appoloviracel.com.uy\/index.php\/product\/smartwatch-blackview-x5\/","title":{"rendered":"Smartwatch Blackview \u00abX5\u00bb"},"content":{"rendered":"<h4>Caracter\u00edsticas y especificaciones:<\/h4>\n<p>Funci\u00f3n<\/p>\n<ul>\n<li>Soporte de 8 idiomas (espa\u00f1ol incluido)<\/li>\n<li>Recordatorio de vibraci\u00f3n de llamadas y SNS, recordatorio sedentario, recordatorio de frecuencia card\u00edaca anormal<\/li>\n<li>Recuento de pasos, c\u00e1lculo del consumo de calor\u00edas, registro de kilometraje por ejercicio<\/li>\n<li>Registre el sue\u00f1o normal (excepto las pausas breves): disminuci\u00f3n del tiempo de sue\u00f1o, tiempo de despertar, tiempo total de sue\u00f1o.<\/li>\n<li>Monitoreo de frecuencia card\u00edaca en tiempo real las 24 horas<\/li>\n<li>9 modos deportivos<\/li>\n<\/ul>\n<p>&nbsp;<\/p>\n<p>Otras funciones<\/p>\n<ul>\n<li>Cuenta regresiva; control de m\u00fasica; ajuste de brillo; pantalla de activaci\u00f3n de elevaci\u00f3n de mu\u00f1eca<\/li>\n<li>Recordatorio de notificaci\u00f3n (IOS Android) Instagram, Twitter, Facebook, WhatsApp, etc.<\/li>\n<li>Color Negro<\/li>\n<li>Peso 32g<\/li>\n<li>Dimensiones 46,9 * 46,9 * 13,2 mm<\/li>\n<li>Pantalla de 1.3&#8243; tipo TFT-LCD resoluci\u00f3n 240&#215;240<\/li>\n<li>Bluetooth 5.0<\/li>\n<\/ul>\n<p>&nbsp;<\/p>\n<p>Energ\u00eda<\/p>\n<ul>\n<li>Tiempo en espera con Bluetooth conectado 30-40 d\u00edas<\/li>\n<li>Uso diario t\u00edpico 7-10 d\u00edas<\/li>\n<li>Bater\u00eda de pol\u00edmero de litio de 260 mAh<\/li>\n<li>M\u00e9todo de carga magn\u00e9tica<\/li>\n<li>Tiempo de carga 2 horas<\/li>\n<li><strong>Garant\u00eda<\/strong>: 6 meses contra defecto de fabricaci\u00f3n<\/li>\n<\/ul>\n<h4><\/h4>\n<h4><span style=\"color: #ff0000;\"><strong>* La garant\u00eda no cubre falla que se pueda dar por un uso intensivo.<\/strong><\/span><\/h4>\n<h5><strong>*Las im\u00e1genes son a modo ilustrativo.<\/strong><\/h5>\n<p><strong>\u00a0<\/strong><\/p>\n","protected":false},"excerpt":{"rendered":"<h3><span style=\"color: #339966;\"><strong>U$S 65<\/strong><\/span><\/h3>\n","protected":false},"featured_media":6725,"comment_status":"open","ping_status":"closed","template":"","meta":[],"_links":{"self":[{"href":"https:\/\/www.appoloviracel.com.uy\/index.php\/wp-json\/wp\/v2\/product\/6724"}],"collection":[{"href":"https:\/\/www.appoloviracel.com.uy\/index.php\/wp-json\/wp\/v2\/product"}],"about":[{"href":"https:\/\/www.appoloviracel.com.uy\/index.php\/wp-json\/wp\/v2\/types\/product"}],"replies":[{"embeddable":true,"href":"https:\/\/www.appoloviracel.com.uy\/index.php\/wp-json\/wp\/v2\/comments?post=6724"}],"wp:featuredmedia":[{"embeddable":true,"href":"https:\/\/www.appoloviracel.com.uy\/index.php\/wp-json\/wp\/v2\/media\/6725"}],"wp:attachment":[{"href":"https:\/\/www.appoloviracel.com.uy\/index.php\/wp-json\/wp\/v2\/media?parent=6724"}],"curies":[{"name":"wp","href":"https:\/\/api.w.org\/{rel}","templated":true}]}}