{"id":6687,"date":"2021-08-18T19:21:46","date_gmt":"2021-08-18T22:21:46","guid":{"rendered":"https:\/\/www.appoloviracel.com.uy\/?post_type=product&#038;p=6687"},"modified":"2021-09-27T19:08:04","modified_gmt":"2021-09-27T22:08:04","slug":"smartwatch-blackview-x2","status":"publish","type":"product","link":"https:\/\/www.appoloviracel.com.uy\/index.php\/product\/smartwatch-blackview-x2\/","title":{"rendered":"Smartwatch Blackview \u00abX2\u00bb"},"content":{"rendered":"<h4>Caracter\u00edsticas y especificaciones:<\/h4>\n<ul>\n<li>Reloj Inteligente BlackView X2<\/li>\n<li>Soporta 8 idiomas: Ingl\u00e9s, alem\u00e1n, espa\u00f1ol, franc\u00e9s, italiano, japon\u00e9s, ruso y portugu\u00e9s<\/li>\n<li>Recordatorio de vibraci\u00f3n de llamadas y SNS, recordatorio sedentario, alarma de frecuencia card\u00edaca anormal<\/li>\n<li>Marcado: 4 diales, cambio libre<\/li>\n<li>Pod\u00f3metro: Recuento de pasos, c\u00e1lculo del consumo de calor\u00edas, registro de kilometraje por ejercicio<\/li>\n<li>Monitoreo del sue\u00f1o: Registra el sue\u00f1o normal (excepto las pausas breves): disminuci\u00f3n del tiempo de sue\u00f1o, tiempo de despertar, tiempo total de sue\u00f1o<\/li>\n<li>Ritmo cardiaco: Monitoreo de frecuencia card\u00edaca en tiempo real las 24 horas<\/li>\n<li>9 modos deportivos: Correr al aire libre, caminar al aire libre, correr en interiores, caminar en interiores, senderismo, escalada, ciclismo al aire libre, ciclismo en interiores, remo<\/li>\n<li>Otras funciones: Cron\u00f3grafo, cuenta regresiva, control de m\u00fasica, ajuste de brillo, pantalla de activaci\u00f3n de elevaci\u00f3n de mu\u00f1eca. Para instalar la APP descargar c\u00f3digo QR<\/li>\n<li>Recordatorio de notificaci\u00f3n (IOS Android): Twitter, Facebook, Linkedlh, WhatsApp, Line, lnstagram, Snapchat, skype, etc.<\/li>\n<li>Especificaciones:<\/li>\n<li>Color: Negro<\/li>\n<li>Peso: 40g (Sin Correa)<\/li>\n<li>Dimensiones: 50 * 45 * 11,8mm<\/li>\n<li>Tama\u00f1o de pantalla: 1.3&#8243;<\/li>\n<li>Tipo de Pantalla: TFT-LCD<\/li>\n<li>Procesador: NRF52832<\/li>\n<li>Resoluci\u00f3n de Pantalla: 240 x 240<\/li>\n<li>Bater\u00eda de Litio<\/li>\n<li>Tiempo StandBy: 30 d\u00edas<\/li>\n<li>Tiempo de uso: 10 d\u00edas<\/li>\n<li>Capacidad de bater\u00eda: 260mAh<\/li>\n<li>Tiempo de Carga: 2 Horas<\/li>\n<li>Bluetooth 4.0 \/ 5.0<\/li>\n<li><strong>Garant\u00eda<\/strong>: 6 meses contra defecto de fabricaci\u00f3n<\/li>\n<\/ul>\n<h4><\/h4>\n<h4><span style=\"color: #ff0000;\"><strong>* La garant\u00eda no cubre falla que se pueda dar por un uso intensivo.<\/strong><\/span><\/h4>\n<h5><strong>*Las im\u00e1genes son a modo ilustrativo.<\/strong><\/h5>\n","protected":false},"excerpt":{"rendered":"<h3><span style=\"color: #339966;\"><strong>U$S 65<\/strong><\/span><\/h3>\n","protected":false},"featured_media":6688,"comment_status":"open","ping_status":"closed","template":"","meta":[],"_links":{"self":[{"href":"https:\/\/www.appoloviracel.com.uy\/index.php\/wp-json\/wp\/v2\/product\/6687"}],"collection":[{"href":"https:\/\/www.appoloviracel.com.uy\/index.php\/wp-json\/wp\/v2\/product"}],"about":[{"href":"https:\/\/www.appoloviracel.com.uy\/index.php\/wp-json\/wp\/v2\/types\/product"}],"replies":[{"embeddable":true,"href":"https:\/\/www.appoloviracel.com.uy\/index.php\/wp-json\/wp\/v2\/comments?post=6687"}],"wp:featuredmedia":[{"embeddable":true,"href":"https:\/\/www.appoloviracel.com.uy\/index.php\/wp-json\/wp\/v2\/media\/6688"}],"wp:attachment":[{"href":"https:\/\/www.appoloviracel.com.uy\/index.php\/wp-json\/wp\/v2\/media?parent=6687"}],"curies":[{"name":"wp","href":"https:\/\/api.w.org\/{rel}","templated":true}]}}