{"id":6590,"date":"2021-07-28T18:39:28","date_gmt":"2021-07-28T21:39:28","guid":{"rendered":"https:\/\/www.appoloviracel.com.uy\/?post_type=product&#038;p=6590"},"modified":"2022-10-17T19:02:22","modified_gmt":"2022-10-17T22:02:22","slug":"smartwatch-xiaomi-mi-watch-lite","status":"publish","type":"product","link":"https:\/\/www.appoloviracel.com.uy\/index.php\/product\/smartwatch-xiaomi-mi-watch-lite\/","title":{"rendered":"Smartwatch Xiaomi \u00abMi Watch Lite\u00bb"},"content":{"rendered":"<h4>Caracter\u00edsticas y especificaciones:<\/h4>\n<p>Mi Watch Lite no es solo un reloj inteligente, tiene su propia personalidad \u00fanica. Mi Watch Lite hace un seguimiento de tus movimientos en tiempo real y te ayuda a establecer objetivos espec\u00edficos de entrenamiento para mejorar los resultados de tus ejercicios. Mantente conectado, ten informaci\u00f3n en un solo vistazo de llamadas, mensajes de texto y notificaciones de las aplicaciones.<\/p>\n<ul>\n<li>Dimensiones: 41 * 35 * 11 mm.<\/li>\n<li>Peso: 35 grs.<\/li>\n<li>Pantalla: 1,4\u2033 LCD, 320 * 320 p\u00edxeles.<\/li>\n<li>11 modos de deporte: correr al aire libre, cinta de correr, ciclismo al aire libre, ciclismo de interior, estilo libre, caminar, trekking, trail run, nataci\u00f3n en piscina, nataci\u00f3n en aguas abiertas, cricket.<\/li>\n<li>Monitoreo de frecuencia card\u00edaca.<\/li>\n<li>Monitoreo del sue\u00f1o.<\/li>\n<li>Tiempo, reloj, alarma.<\/li>\n<li>Control de m\u00fasica.<\/li>\n<li>GRADO DE IMPERMEABILIDAD: 5 ATM.<\/li>\n<li>Luz de Fondo: 350 nits.<\/li>\n<li>Posicionamiento por Sat\u00e9lite: GPS \/ A-GPS \/ GLONASS.<\/li>\n<li>Sensores: Aceler\u00f3metro 3 ejes, Giroscopio de 3 ejes.<\/li>\n<li>Bater\u00eda: 230 mAh.<\/li>\n<li>Tiempo de Carga: Aproximadamente 2 horas.<\/li>\n<li>Tiempo de Uso: 9 d\u00edas (uso t\u00edpico) \/ 10 horas aproximadamente (modo deportivo, GPS continuo).<\/li>\n<li><strong>Garant\u00eda<\/strong>: 6 meses contra defecto de fabricaci\u00f3n<\/li>\n<\/ul>\n<h4><\/h4>\n<h4><span style=\"color: #ff0000;\"><strong>* La garant\u00eda no cubre falla que se pueda dar por un uso intensivo.<\/strong><\/span><\/h4>\n<h4><strong>*Las im\u00e1genes son a modo ilustrativo.<\/strong><\/h4>\n","protected":false},"excerpt":{"rendered":"<h3><span style=\"color: #ff0000;\"><strong>\u00abArt\u00edculo Agotado\u00bb<\/strong><\/span><\/h3>\n<h3><span style=\"color: #ff0000;\"><strong>\u00a0<\/strong><\/span><\/h3>\n","protected":false},"featured_media":6591,"comment_status":"open","ping_status":"closed","template":"","meta":[],"_links":{"self":[{"href":"https:\/\/www.appoloviracel.com.uy\/index.php\/wp-json\/wp\/v2\/product\/6590"}],"collection":[{"href":"https:\/\/www.appoloviracel.com.uy\/index.php\/wp-json\/wp\/v2\/product"}],"about":[{"href":"https:\/\/www.appoloviracel.com.uy\/index.php\/wp-json\/wp\/v2\/types\/product"}],"replies":[{"embeddable":true,"href":"https:\/\/www.appoloviracel.com.uy\/index.php\/wp-json\/wp\/v2\/comments?post=6590"}],"wp:featuredmedia":[{"embeddable":true,"href":"https:\/\/www.appoloviracel.com.uy\/index.php\/wp-json\/wp\/v2\/media\/6591"}],"wp:attachment":[{"href":"https:\/\/www.appoloviracel.com.uy\/index.php\/wp-json\/wp\/v2\/media?parent=6590"}],"curies":[{"name":"wp","href":"https:\/\/api.w.org\/{rel}","templated":true}]}}