{"id":6581,"date":"2021-07-27T20:16:19","date_gmt":"2021-07-27T23:16:19","guid":{"rendered":"https:\/\/www.appoloviracel.com.uy\/?post_type=product&#038;p=6581"},"modified":"2024-09-03T19:38:50","modified_gmt":"2024-09-03T22:38:50","slug":"webcam-havit-hv-nn02g-hd-pro","status":"publish","type":"product","link":"https:\/\/www.appoloviracel.com.uy\/index.php\/product\/webcam-havit-hv-nn02g-hd-pro\/","title":{"rendered":"Webcam Havit \u00abHV-NN02G\u00bb HD Pro"},"content":{"rendered":"<h4>Caracter\u00edsticas y especificaciones:<\/h4>\n<ul>\n<li>Video llamadas Full HD 720p (hasta 1280 * 720P p\u00edxeles)<\/li>\n<li>Transmisi\u00f3n r\u00e1pida, alta calidad, enfoque manual simult\u00e1neo y funci\u00f3n Full HD, lo que significa que el video grabado es claro, v\u00edvido y colorido.<\/li>\n<li>Tr\u00edpode de soporte, adecuado para la colocaci\u00f3n de escritorio, laptp, pantalla LCD o CRT.<\/li>\n<li>El micr\u00f3fono de reducci\u00f3n de ruido incorporado de la c\u00e1mara web de video. Capture claramente el sonido a menos de 5 metros y obtenga un sonido con calidad de estudio. Es la mejor opci\u00f3n para un sonido moderado en la salida de videoconferencia.<\/li>\n<li>La c\u00e1mara de alta definici\u00f3n brinda im\u00e1genes en color real<\/li>\n<li>La velocidad de fotogramas puede alcanzar 30 fps, proporciona una imagen clara y suave.<\/li>\n<li>Micr\u00f3fono de reducci\u00f3n de ruido omnidireccional incorporado para llamadas claras<\/li>\n<li>Dise\u00f1o de enfoque manual, puede girar la lente para obtener el mejor enfoque<\/li>\n<li>Adopte lentes \u00f3pticas de alto rendimiento, alta precisi\u00f3n, sin im\u00e1genes distorsionadas<\/li>\n<li>Interfaz USB, dise\u00f1ada para computadora port\u00e1til y escritorio, plug and play<\/li>\n<li>M\u00e9todo de enfoque: enfoque manual<\/li>\n<li>Tama\u00f1o: CM<\/li>\n<li>Resoluci\u00f3n: 720P Full HD<\/li>\n<li>P\u00edxel din\u00e1mico: 2 mega<\/li>\n<li>Sensor de imagen: CMOS<\/li>\n<li>Velocidad: 30 fps \/ s (VGA)<\/li>\n<li>Formato de salida: YUY2<\/li>\n<li>Tipo de enchufe: USB2.0 de alta velocidad &amp;#65288;is\u00f3crono)<\/li>\n<li>Requisito de luz: 150Lux m\u00e1s alto, 2Lux m\u00e1s bajo<\/li>\n<li>Distancia de imagen: 50 mm y m\u00e1s<\/li>\n<li>Control de frecuencia: 50 HZ o 60 HZ est\u00e1tico<\/li>\n<li>Formato de imagen capturada: BMP \/ JPG<\/li>\n<li>Garant\u00eda: 6 meses contra defecto de fabricaci\u00f3n<\/li>\n<\/ul>\n<p>&nbsp;<\/p>\n<h5><strong>*Las im\u00e1genes son a modo ilustrativo.<\/strong><\/h5>\n","protected":false},"excerpt":{"rendered":"<h3><span style=\"color: #339966;\"><strong>$ 1.650<\/strong><\/span><\/h3>\n","protected":false},"featured_media":6582,"comment_status":"open","ping_status":"closed","template":"","meta":[],"_links":{"self":[{"href":"https:\/\/www.appoloviracel.com.uy\/index.php\/wp-json\/wp\/v2\/product\/6581"}],"collection":[{"href":"https:\/\/www.appoloviracel.com.uy\/index.php\/wp-json\/wp\/v2\/product"}],"about":[{"href":"https:\/\/www.appoloviracel.com.uy\/index.php\/wp-json\/wp\/v2\/types\/product"}],"replies":[{"embeddable":true,"href":"https:\/\/www.appoloviracel.com.uy\/index.php\/wp-json\/wp\/v2\/comments?post=6581"}],"wp:featuredmedia":[{"embeddable":true,"href":"https:\/\/www.appoloviracel.com.uy\/index.php\/wp-json\/wp\/v2\/media\/6582"}],"wp:attachment":[{"href":"https:\/\/www.appoloviracel.com.uy\/index.php\/wp-json\/wp\/v2\/media?parent=6581"}],"curies":[{"name":"wp","href":"https:\/\/api.w.org\/{rel}","templated":true}]}}