{"id":634,"date":"2020-10-20T23:07:31","date_gmt":"2020-10-21T02:07:31","guid":{"rendered":"https:\/\/www.appoloviracel.com.uy\/?post_type=product&#038;p=634"},"modified":"2021-03-29T21:29:14","modified_gmt":"2021-03-30T00:29:14","slug":"genius-hs-g560-gamer","status":"publish","type":"product","link":"https:\/\/www.appoloviracel.com.uy\/index.php\/product\/genius-hs-g560-gamer\/","title":{"rendered":"Auricular Genius \u00abHS-G560\u00bb (Gaming-Vincha)"},"content":{"rendered":"<h4>Caracter\u00edsticas y especificaciones:<\/h4>\n<p>Gracias a la poderosa unidad de sonido de 40mm, los auriculares le permiten determinar con precisi\u00f3n la posici\u00f3n de sus enemigos.<br \/>\nEl dise\u00f1o de material suave le ofrece una experiencia de audio c\u00f3moda.<br \/>\nLa tecnolog\u00eda de reducci\u00f3n de ruido asegura una comunicaci\u00f3n clara con sus compa\u00f1eros de equipo.<br \/>\nCon s\u00f3lo 250 grs., el auricular ofrece una c\u00f3moda experiencia de uso, incluso durante largas horas.<\/p>\n<p><strong>Especificaciones:<\/strong><\/p>\n<p>Sensibilidad: 91 dB \u00b1 3 dB a 1K Hz<br \/>\nFrecuencia: 20 Hz \u2013 20K Hz<br \/>\nLongitud de cable: 2m<br \/>\nConexi\u00f3n: 2 conectores de 3,5 mm (audio \/ micr\u00f3fono)<br \/>\n<strong>Micr\u00f3fono: S\u00cd<\/strong><br \/>\nImpedancia: 24 \u00b1 15% \u03a9<br \/>\nControl en el cable: Subir y bajar volumen<br \/>\nPeso: Aprox. 250 grs.<br \/>\nDimensiones: 205 * 80 * 200 mm<br \/>\nColor: Negro<\/p>\n<h5><strong>*Las im\u00e1genes son a modo ilustrativo.<\/strong><\/h5>\n","protected":false},"excerpt":{"rendered":"<h3><span style=\"color: #339966;\"> $ 1.350<\/span><\/h3>\n","protected":false},"featured_media":635,"comment_status":"open","ping_status":"closed","template":"","meta":[],"_links":{"self":[{"href":"https:\/\/www.appoloviracel.com.uy\/index.php\/wp-json\/wp\/v2\/product\/634"}],"collection":[{"href":"https:\/\/www.appoloviracel.com.uy\/index.php\/wp-json\/wp\/v2\/product"}],"about":[{"href":"https:\/\/www.appoloviracel.com.uy\/index.php\/wp-json\/wp\/v2\/types\/product"}],"replies":[{"embeddable":true,"href":"https:\/\/www.appoloviracel.com.uy\/index.php\/wp-json\/wp\/v2\/comments?post=634"}],"wp:featuredmedia":[{"embeddable":true,"href":"https:\/\/www.appoloviracel.com.uy\/index.php\/wp-json\/wp\/v2\/media\/635"}],"wp:attachment":[{"href":"https:\/\/www.appoloviracel.com.uy\/index.php\/wp-json\/wp\/v2\/media?parent=634"}],"curies":[{"name":"wp","href":"https:\/\/api.w.org\/{rel}","templated":true}]}}