{"id":6233,"date":"2021-06-04T10:30:29","date_gmt":"2021-06-04T13:30:29","guid":{"rendered":"https:\/\/www.appoloviracel.com.uy\/?post_type=product&#038;p=6233"},"modified":"2021-07-21T20:18:43","modified_gmt":"2021-07-21T23:18:43","slug":"adaptador-xo-nb-r16b-usb-con-2-salidas-35-mm-jack","status":"publish","type":"product","link":"https:\/\/www.appoloviracel.com.uy\/index.php\/product\/adaptador-xo-nb-r16b-usb-con-2-salidas-35-mm-jack\/","title":{"rendered":"Adaptador XO \u00abNB-R16B\u00bb USB con 2 salidas 3,5 mm jack"},"content":{"rendered":"<h4>Caracter\u00edsticas y especificaciones:<\/h4>\n<ul>\n<li>El cable adaptador puede convertir USB-C en audio de 3,5 mm, es perfectamente adecuado para tel\u00e9fonos tipo C, tabletas, etc.<\/li>\n<li>Carga y m\u00fasica al mismo tiempo: el cable 2 en 1 admite carga y salida de audio simult\u00e1neas, para que pueda disfrutar de la m\u00fasica mientras se carga. Nota: Sin control de m\u00fasica<\/li>\n<li>Marca: XO<\/li>\n<li>Nombre: XO R160B Tipo-C a Tipo-C + Cable adaptador de 3,5 mm<\/li>\n<li>Peso: 9grs.<\/li>\n<li>Longitud del cable: 120 mm<\/li>\n<li>Color: gris<\/li>\n<\/ul>\n<h5><\/h5>\n<h5><strong>*Las im\u00e1genes son a modo ilustrativo.<\/strong><\/h5>\n","protected":false},"excerpt":{"rendered":"<h3><span style=\"color: #339966;\"><strong>$ 550 \u00a0<\/strong><\/span><\/h3>\n","protected":false},"featured_media":6234,"comment_status":"open","ping_status":"closed","template":"","meta":[],"_links":{"self":[{"href":"https:\/\/www.appoloviracel.com.uy\/index.php\/wp-json\/wp\/v2\/product\/6233"}],"collection":[{"href":"https:\/\/www.appoloviracel.com.uy\/index.php\/wp-json\/wp\/v2\/product"}],"about":[{"href":"https:\/\/www.appoloviracel.com.uy\/index.php\/wp-json\/wp\/v2\/types\/product"}],"replies":[{"embeddable":true,"href":"https:\/\/www.appoloviracel.com.uy\/index.php\/wp-json\/wp\/v2\/comments?post=6233"}],"wp:featuredmedia":[{"embeddable":true,"href":"https:\/\/www.appoloviracel.com.uy\/index.php\/wp-json\/wp\/v2\/media\/6234"}],"wp:attachment":[{"href":"https:\/\/www.appoloviracel.com.uy\/index.php\/wp-json\/wp\/v2\/media?parent=6233"}],"curies":[{"name":"wp","href":"https:\/\/api.w.org\/{rel}","templated":true}]}}