{"id":6216,"date":"2021-06-03T13:22:20","date_gmt":"2021-06-03T16:22:20","guid":{"rendered":"https:\/\/www.appoloviracel.com.uy\/?post_type=product&#038;p=6216"},"modified":"2022-10-15T17:03:45","modified_gmt":"2022-10-15T20:03:45","slug":"auricular-i68-tws-bluetooth","status":"publish","type":"product","link":"https:\/\/www.appoloviracel.com.uy\/index.php\/product\/auricular-i68-tws-bluetooth\/","title":{"rendered":"Auricular iTechoo \u00abi68\u00bb TWS (Bluetooth)"},"content":{"rendered":"<h4><strong>Caracter\u00edsticas y especificaciones:<\/strong><\/h4>\n<ul>\n<li>Nombre del producto: i68 inal\u00e1mbrico tws hifi auriculares<\/li>\n<li>Caracter\u00edstica: Sonido est\u00e9reo<\/li>\n<li>Certificaci\u00f3n: CE ROHS FCC CP65 MSDS<\/li>\n<li>Es inal\u00e1mbrico: S\u00ed<\/li>\n<li>Bluetooth 5.0<\/li>\n<li>Tipo De Wireless: Otros<\/li>\n<li>Tarjeta de Memoria de apoyo: No<\/li>\n<li>Principio Vocalismo: Orthodynamic<\/li>\n<li>Control de volumen: S\u00ed<\/li>\n<li>Bot\u00f3n de Control: No<\/li>\n<li>Los Codecs: Apt-X HD<\/li>\n<li>Marca: iTechoo<\/li>\n<li>N\u00famero de Modelo: i68<\/li>\n<li>Estilo: TWS (inal\u00e1mbrica est\u00e9reo)<\/li>\n<li>Comunicaci\u00f3n: Inal\u00e1mbrico<\/li>\n<li>Uso: Aud\u00edfono, Ordenador, DJ, Para Bar Internet, Para iPod, Juego, Auriculares hi-fi, Tel\u00e9fono m\u00f3vil, Profesional, Deportes, Viajes<\/li>\n<li>Funci\u00f3n: Impermeable, Cancelaci\u00f3n de ruido, Micr\u00f3fono, LED pantalla<\/li>\n<li>Lugar del origen: Guangdong, China<\/li>\n<li>Est\u00e1ndar de Bluetooth : v5.0<\/li>\n<li>Est\u00e1ndar impermeable: IPX-3<\/li>\n<li>Cancelaci\u00f3n de Ruido activa: S\u00ed<\/li>\n<li>Tiempo de carga: entre 1 a 1,5 horas aproximadamente<\/li>\n<li>Tiempo de espera: 100 horas aprox.<\/li>\n<li>Tiempo de juego: entre 3,5 a 4 horas aprox.<\/li>\n<li>Compatible: Universalmente Compatible con tel\u00e9fonos m\u00f3viles<\/li>\n<li>Colores: Blanco y Negro<\/li>\n<li>Capacidad de la bater\u00eda: aprox.300mAh (Caja) + 35mAh (auriculares)<\/li>\n<li>Modelo privado: S\u00ed<\/li>\n<li>Compatible con IOS y Android.<\/li>\n<li>En IOS, cuenta con ventana emergente al sacarlos de la c\u00e1psula.<\/li>\n<li>Base cargadora imantada con acabado mate.<\/li>\n<li>Visor digital.<\/li>\n<li>Bot\u00f3n digital multifunci\u00f3n.<\/li>\n<li>Sonido St\u00e9reo, HIFI.<\/li>\n<li>Tama\u00f1o de la caja 10 * 3 * 10 cm de alto.<\/li>\n<li>Incluye cable de carga. 5V\/2.4 A.<\/li>\n<\/ul>\n<h5><\/h5>\n<h5><strong>*Las im\u00e1genes son a modo ilustrativo.<\/strong><\/h5>\n","protected":false},"excerpt":{"rendered":"<h3><span style=\"color: #339966;\"><strong>U$S 39<\/strong><\/span><\/h3>\n","protected":false},"featured_media":6217,"comment_status":"open","ping_status":"closed","template":"","meta":[],"_links":{"self":[{"href":"https:\/\/www.appoloviracel.com.uy\/index.php\/wp-json\/wp\/v2\/product\/6216"}],"collection":[{"href":"https:\/\/www.appoloviracel.com.uy\/index.php\/wp-json\/wp\/v2\/product"}],"about":[{"href":"https:\/\/www.appoloviracel.com.uy\/index.php\/wp-json\/wp\/v2\/types\/product"}],"replies":[{"embeddable":true,"href":"https:\/\/www.appoloviracel.com.uy\/index.php\/wp-json\/wp\/v2\/comments?post=6216"}],"wp:featuredmedia":[{"embeddable":true,"href":"https:\/\/www.appoloviracel.com.uy\/index.php\/wp-json\/wp\/v2\/media\/6217"}],"wp:attachment":[{"href":"https:\/\/www.appoloviracel.com.uy\/index.php\/wp-json\/wp\/v2\/media?parent=6216"}],"curies":[{"name":"wp","href":"https:\/\/api.w.org\/{rel}","templated":true}]}}