{"id":6037,"date":"2021-05-21T21:28:53","date_gmt":"2021-05-22T00:28:53","guid":{"rendered":"https:\/\/www.appoloviracel.com.uy\/?post_type=product&#038;p=6037"},"modified":"2022-10-17T19:04:42","modified_gmt":"2022-10-17T22:04:42","slug":"smart-bracelet-119-plus","status":"publish","type":"product","link":"https:\/\/www.appoloviracel.com.uy\/index.php\/product\/smart-bracelet-119-plus\/","title":{"rendered":"Smart Bracelet  \u00ab119 Plus\u00bb"},"content":{"rendered":"<h4>Caracter\u00edsticas y especificaciones:<\/h4>\n<ul>\n<li>Una variedad de diales especiales para satisfacer las necesidades de coincidencia de diferentes escenarios.<\/li>\n<li>Frecuencia card\u00edaca inteligente y presi\u00f3n arterial, la aplicaci\u00f3n puede ver datos.<\/li>\n<li>M\u00faltiples funciones inteligentes son convenientes para su vida.<\/li>\n<li>Admite m\u00faltiples modos deportivos.<\/li>\n<\/ul>\n<p>&nbsp;<\/p>\n<p>Especificaci\u00f3n:<\/p>\n<ul>\n<li>N\u00famero de modelo: 119plus<\/li>\n<li>Pantalla: panel t\u00e1ctil capacitivo 2.5d<\/li>\n<li>Versi\u00f3n de bluetooth: 4.0<\/li>\n<li>Resoluci\u00f3n de pantalla: 240 * 240<\/li>\n<li>Tama\u00f1o de la pantalla: 1.3 pulgadas<\/li>\n<li>Impermeable \/ resistente al agua: s\u00ed<\/li>\n<li>Clasificaci\u00f3n ip: ip67<\/li>\n<li>Capacidad de la bater\u00eda: 100 mah<\/li>\n<li>Material de la banda: silicona<\/li>\n<li>Material de la caja: vidrio<\/li>\n<li>Forma de la pantalla: redonda<\/li>\n<li>Tama\u00f1o de la banda: 22-24 mm<\/li>\n<li>Peso del paquete: 0.1150 kg<\/li>\n<li>Tama\u00f1o del paquete (largo x ancho x alto): 9,00 * 7,30 * 5,50 cm \/ 3,54 * 2,87 * 2,17 pulgadas<\/li>\n<li>.<strong>Garant\u00eda<\/strong>: 3 meses contra defecto de fabricaci\u00f3n<\/li>\n<\/ul>\n<h4><\/h4>\n<h4><span style=\"color: #ff0000;\"><strong>* La garant\u00eda no cubre falla que se pueda dar por un uso intensivo.<\/strong><\/span><\/h4>\n<h5><strong>*Las im\u00e1genes son a modo ilustrativo.<\/strong><\/h5>\n","protected":false},"excerpt":{"rendered":"<h3><span style=\"color: #ff0000;\"><strong>\u00abArt\u00edculo Agotado\u00bb<\/strong><\/span><\/h3>\n<p><span style=\"color: #ff0000;\">\u00a0<\/span><\/p>\n","protected":false},"featured_media":6038,"comment_status":"open","ping_status":"closed","template":"","meta":[],"_links":{"self":[{"href":"https:\/\/www.appoloviracel.com.uy\/index.php\/wp-json\/wp\/v2\/product\/6037"}],"collection":[{"href":"https:\/\/www.appoloviracel.com.uy\/index.php\/wp-json\/wp\/v2\/product"}],"about":[{"href":"https:\/\/www.appoloviracel.com.uy\/index.php\/wp-json\/wp\/v2\/types\/product"}],"replies":[{"embeddable":true,"href":"https:\/\/www.appoloviracel.com.uy\/index.php\/wp-json\/wp\/v2\/comments?post=6037"}],"wp:featuredmedia":[{"embeddable":true,"href":"https:\/\/www.appoloviracel.com.uy\/index.php\/wp-json\/wp\/v2\/media\/6038"}],"wp:attachment":[{"href":"https:\/\/www.appoloviracel.com.uy\/index.php\/wp-json\/wp\/v2\/media?parent=6037"}],"curies":[{"name":"wp","href":"https:\/\/api.w.org\/{rel}","templated":true}]}}