{"id":5745,"date":"2021-04-23T14:04:23","date_gmt":"2021-04-23T17:04:23","guid":{"rendered":"https:\/\/www.appoloviracel.com.uy\/?post_type=product&#038;p=5745"},"modified":"2021-04-30T19:18:34","modified_gmt":"2021-04-30T22:18:34","slug":"smartwatch-xiaomi-haylou-ls02","status":"publish","type":"product","link":"https:\/\/www.appoloviracel.com.uy\/index.php\/product\/smartwatch-xiaomi-haylou-ls02\/","title":{"rendered":"Smartwatch Xiaomi \u00abHaylou LS02\u00bb"},"content":{"rendered":"<h4>Caracter\u00edsticas y especificaciones:<\/h4>\n<ul>\n<li>Pantalla color Touchscreen HD de 1.4 pulgadas 320ppi.<\/li>\n<li>Bater\u00eda de litio de 260mAh. Hasta 30 d\u00edas de autonom\u00eda en standby y 20 d\u00edas de uso normal.<\/li>\n<li>Soporta 12 modos de deporte.<\/li>\n<li>Control \u00f3ptico de ritmo card\u00edaco las 24 horas.<\/li>\n<li>Aceler\u00f3metro incorporado.<\/li>\n<li>A prueba de agua y polvo. \u00cdndice de protecci\u00f3n IP68.<\/li>\n<li>Correa de silicona liviana y suave al tacto.<\/li>\n<li>Conectividad Bluetooth v5.0.<\/li>\n<li>Carga a trav\u00e9s de cable magn\u00e9tico (incluido).<\/li>\n<li>APP exclusiva \u00abHaylouFit\u00bb. Compatibilidad con iOs y Android.<\/li>\n<li>Dimensiones: 48 * 36 * 1.5mm.<\/li>\n<li>Peso: 38grs.<\/li>\n<li><strong>Garant\u00eda<\/strong>: 6 meses contra defecto de fabricaci\u00f3n<\/li>\n<\/ul>\n<p>&nbsp;<\/p>\n<h4><span style=\"color: #ff0000;\"><strong>* La garant\u00eda no cubre falla que se pueda dar por un uso intensivo.<\/strong><\/span><\/h4>\n<h5><strong>*Las im\u00e1genes son a modo ilustrativo.<\/strong><\/h5>\n","protected":false},"excerpt":{"rendered":"<h3><span style=\"color: #339966;\"><strong>U$S 49<\/strong><\/span><\/h3>\n","protected":false},"featured_media":5746,"comment_status":"open","ping_status":"closed","template":"","meta":[],"_links":{"self":[{"href":"https:\/\/www.appoloviracel.com.uy\/index.php\/wp-json\/wp\/v2\/product\/5745"}],"collection":[{"href":"https:\/\/www.appoloviracel.com.uy\/index.php\/wp-json\/wp\/v2\/product"}],"about":[{"href":"https:\/\/www.appoloviracel.com.uy\/index.php\/wp-json\/wp\/v2\/types\/product"}],"replies":[{"embeddable":true,"href":"https:\/\/www.appoloviracel.com.uy\/index.php\/wp-json\/wp\/v2\/comments?post=5745"}],"wp:featuredmedia":[{"embeddable":true,"href":"https:\/\/www.appoloviracel.com.uy\/index.php\/wp-json\/wp\/v2\/media\/5746"}],"wp:attachment":[{"href":"https:\/\/www.appoloviracel.com.uy\/index.php\/wp-json\/wp\/v2\/media?parent=5745"}],"curies":[{"name":"wp","href":"https:\/\/api.w.org\/{rel}","templated":true}]}}