{"id":563,"date":"2020-10-19T21:47:38","date_gmt":"2020-10-20T00:47:38","guid":{"rendered":"https:\/\/www.appoloviracel.com.uy\/?post_type=product&#038;p=563"},"modified":"2021-03-29T21:27:29","modified_gmt":"2021-03-30T00:27:29","slug":"genius-hs-04su-con-microfono-y-anulacion-de-ruido","status":"publish","type":"product","link":"https:\/\/www.appoloviracel.com.uy\/index.php\/product\/genius-hs-04su-con-microfono-y-anulacion-de-ruido\/","title":{"rendered":"Auricular Genius \u00abHS-04sU\u00bb (con Micr\u00f3fono y anulaci\u00f3n de ruido-Gaming-Vincha)"},"content":{"rendered":"<h4>Caracter\u00edsticas y especificaciones:<\/h4>\n<p>Auriculares con micr\u00f3fono est\u00e9reo con sujeci\u00f3n de cabeza<br \/>\nMicr\u00f3fono con cancelaci\u00f3n de ruido<br \/>\nControl de volumen en l\u00ednea<br \/>\nMicr\u00f3fono en l\u00ednea con funci\u00f3n de enmudecimiento<br \/>\nConector 3.5 mm micr\u00f3fono \/ 3.5 mm auriculares<br \/>\nSensibilidad 102dB (+\/-3dB a 1KHz)<br \/>\nFrecuencia 20Hz &#8211; 20KHz<br \/>\nImpedancia 32 ohm<br \/>\nLargo del cable 1.8 metros<\/p>\n<h5><strong>*Las im\u00e1genes son a modo ilustrativo.<\/strong><\/h5>\n","protected":false},"excerpt":{"rendered":"<h3><span style=\"color: #339966;\">$ 870<\/span><\/h3>\n","protected":false},"featured_media":564,"comment_status":"open","ping_status":"closed","template":"","meta":[],"_links":{"self":[{"href":"https:\/\/www.appoloviracel.com.uy\/index.php\/wp-json\/wp\/v2\/product\/563"}],"collection":[{"href":"https:\/\/www.appoloviracel.com.uy\/index.php\/wp-json\/wp\/v2\/product"}],"about":[{"href":"https:\/\/www.appoloviracel.com.uy\/index.php\/wp-json\/wp\/v2\/types\/product"}],"replies":[{"embeddable":true,"href":"https:\/\/www.appoloviracel.com.uy\/index.php\/wp-json\/wp\/v2\/comments?post=563"}],"wp:featuredmedia":[{"embeddable":true,"href":"https:\/\/www.appoloviracel.com.uy\/index.php\/wp-json\/wp\/v2\/media\/564"}],"wp:attachment":[{"href":"https:\/\/www.appoloviracel.com.uy\/index.php\/wp-json\/wp\/v2\/media?parent=563"}],"curies":[{"name":"wp","href":"https:\/\/api.w.org\/{rel}","templated":true}]}}