{"id":5551,"date":"2021-04-17T23:27:06","date_gmt":"2021-04-18T02:27:06","guid":{"rendered":"https:\/\/www.appoloviracel.com.uy\/?post_type=product&#038;p=5551"},"modified":"2021-04-17T23:27:06","modified_gmt":"2021-04-18T02:27:06","slug":"auricular-meetion-mt-hp021-gamer-con-microfono-para-pc-vincha","status":"publish","type":"product","link":"https:\/\/www.appoloviracel.com.uy\/index.php\/product\/auricular-meetion-mt-hp021-gamer-con-microfono-para-pc-vincha\/","title":{"rendered":"Auricular Meetion \u00abMT-HP021\u00bb Gamer con micr\u00f3fono para PC (Vincha)"},"content":{"rendered":"<h4>Caracter\u00edsticas y especificaciones<em>:<\/em><\/h4>\n<ul>\n<li>Altavoz \u03c650mm<\/li>\n<li>Micr\u00f3fono omnidireccional<\/li>\n<li>Impedancia 32 \u03a9<\/li>\n<li>Respuesta de frecuencia 20 ~ 20.000 Hz<\/li>\n<li>Di\u00e1metro de la unidad de micr\u00f3fono \u00f86.0 \u00b1 5.0 mm<\/li>\n<li>Sensibilidad del micr\u00f3fono -42 \u00b1 3db<\/li>\n<li>Interfaz Conector est\u00e9reo de 3,5 mm m\u00e1s USB<\/li>\n<li>Longitud del cable 2,20 \u00b1 0,01 m<\/li>\n<li>Dimensiones 206 * 93 * 226 mm<\/li>\n<li>Peso 395 \u00b1 5grs.<\/li>\n<\/ul>\n<p>&nbsp;<\/p>\n<h5><strong>*Las im\u00e1genes son a modo ilustrativo.<\/strong><\/h5>\n","protected":false},"excerpt":{"rendered":"<h3><span style=\"color: #339966;\"><strong>U$S 26<\/strong><\/span><\/h3>\n","protected":false},"featured_media":5552,"comment_status":"open","ping_status":"closed","template":"","meta":[],"_links":{"self":[{"href":"https:\/\/www.appoloviracel.com.uy\/index.php\/wp-json\/wp\/v2\/product\/5551"}],"collection":[{"href":"https:\/\/www.appoloviracel.com.uy\/index.php\/wp-json\/wp\/v2\/product"}],"about":[{"href":"https:\/\/www.appoloviracel.com.uy\/index.php\/wp-json\/wp\/v2\/types\/product"}],"replies":[{"embeddable":true,"href":"https:\/\/www.appoloviracel.com.uy\/index.php\/wp-json\/wp\/v2\/comments?post=5551"}],"wp:featuredmedia":[{"embeddable":true,"href":"https:\/\/www.appoloviracel.com.uy\/index.php\/wp-json\/wp\/v2\/media\/5552"}],"wp:attachment":[{"href":"https:\/\/www.appoloviracel.com.uy\/index.php\/wp-json\/wp\/v2\/media?parent=5551"}],"curies":[{"name":"wp","href":"https:\/\/api.w.org\/{rel}","templated":true}]}}