{"id":5500,"date":"2021-04-17T22:32:35","date_gmt":"2021-04-18T01:32:35","guid":{"rendered":"https:\/\/www.appoloviracel.com.uy\/?post_type=product&#038;p=5500"},"modified":"2022-04-29T18:05:49","modified_gmt":"2022-04-29T21:05:49","slug":"combo-meetion-c505-teclado-mouse-pad-y-auriculares","status":"publish","type":"product","link":"https:\/\/www.appoloviracel.com.uy\/index.php\/product\/combo-meetion-c505-teclado-mouse-pad-y-auriculares\/","title":{"rendered":"Combo Meetion \u00abC505\u00bb Teclado, Mouse, Pad y Auriculares"},"content":{"rendered":"<h4>Caracter\u00edsticas y especificaciones:<\/h4>\n<ul>\n<li>Teclado para juegos<\/li>\n<li>Dise\u00f1o de estilo Mecha, 19 teclas anti-fantasma.<\/li>\n<li>12 botones de acceso directo a Windows, Internet Multimedia<\/li>\n<\/ul>\n<p>&nbsp;<\/p>\n<p>\u25c6 Rat\u00f3n para juegos<\/p>\n<ul>\n<li>Sensaci\u00f3n c\u00f3moda<\/li>\n<li>Forma ergon\u00f3mica y dise\u00f1o de contorno de botones que se ajusta a la curvatura de la palma, f\u00e1cil de usar y c\u00f3moda de sostener, lo que permite que disfrutes del juego durante mucho tiempo<\/li>\n<\/ul>\n<p>&nbsp;<\/p>\n<p>\u25c6 Auriculares para juegos<\/p>\n<ul>\n<li>AURICULARES PARA JUEGOS CON RETROILUMINACI\u00d3N<\/li>\n<li>Dise\u00f1o ergon\u00f3mico con c\u00f3modas fundas de cuero para los o\u00eddos, unidad est\u00e9reo clara con micr\u00f3fono de alta sensibilidad<\/li>\n<\/ul>\n<p>&nbsp;<\/p>\n<p>\u25c6 Alfombrilla de rat\u00f3n para juegos<\/p>\n<p>&nbsp;<\/p>\n<h5><strong>*Las im\u00e1genes son a modo ilustrativo.<\/strong><\/h5>\n","protected":false},"excerpt":{"rendered":"<h3><span style=\"color: #339966;\"><strong>U$S 59<\/strong><\/span><\/h3>\n","protected":false},"featured_media":5502,"comment_status":"open","ping_status":"closed","template":"","meta":[],"_links":{"self":[{"href":"https:\/\/www.appoloviracel.com.uy\/index.php\/wp-json\/wp\/v2\/product\/5500"}],"collection":[{"href":"https:\/\/www.appoloviracel.com.uy\/index.php\/wp-json\/wp\/v2\/product"}],"about":[{"href":"https:\/\/www.appoloviracel.com.uy\/index.php\/wp-json\/wp\/v2\/types\/product"}],"replies":[{"embeddable":true,"href":"https:\/\/www.appoloviracel.com.uy\/index.php\/wp-json\/wp\/v2\/comments?post=5500"}],"wp:featuredmedia":[{"embeddable":true,"href":"https:\/\/www.appoloviracel.com.uy\/index.php\/wp-json\/wp\/v2\/media\/5502"}],"wp:attachment":[{"href":"https:\/\/www.appoloviracel.com.uy\/index.php\/wp-json\/wp\/v2\/media?parent=5500"}],"curies":[{"name":"wp","href":"https:\/\/api.w.org\/{rel}","templated":true}]}}