{"id":5489,"date":"2021-04-17T21:32:44","date_gmt":"2021-04-18T00:32:44","guid":{"rendered":"https:\/\/www.appoloviracel.com.uy\/?post_type=product&#038;p=5489"},"modified":"2021-04-17T21:37:04","modified_gmt":"2021-04-18T00:37:04","slug":"parlante-avenzo-av-sp3201b-bluetooth-led-y-microfono-16w","status":"publish","type":"product","link":"https:\/\/www.appoloviracel.com.uy\/index.php\/product\/parlante-avenzo-av-sp3201b-bluetooth-led-y-microfono-16w\/","title":{"rendered":"Parlante Avenzo \u00abAV-SP3201B\u00bb Bluetooth Led y Micr\u00f3fono (16w)"},"content":{"rendered":"<h4>Caracter\u00edsticas y especificaciones:<\/h4>\n<p><strong>ALTAVOZ BLUETOOTH DE 16W<\/strong><\/p>\n<ul>\n<li>Si buscabas un altavoz port\u00e1til, de gran potencia y con iluminaci\u00f3n Led, lo has encontrado: AV-SP3201B. Es ligero, incorpora un asa de transporte y con la bater\u00eda cargada aguanta hasta 10 horas de reproducci\u00f3n.<\/li>\n<\/ul>\n<p>&nbsp;<\/p>\n<p><strong>MICR\u00d3FONO INCLUIDO<\/strong><\/p>\n<ul>\n<li>A trav\u00e9s de su entrada para micr\u00f3fono podr\u00e1s cantar mientras reproduces tu m\u00fasica favorita a modo de Karaoke. Nosotros te damos el micr\u00f3fono para que t\u00fa pongas la voz.<\/li>\n<\/ul>\n<p>&nbsp;<\/p>\n<p><strong>COMPLETAMENTE INAL\u00c1MBRICO<\/strong><\/p>\n<ul>\n<li>Con su tecnolog\u00eda Bluetooth 5.0 y su bater\u00eda interna recargable, podr\u00e1s usar este estupendo altavoz de manera completamente inal\u00e1mbrica.<\/li>\n<li>Adem\u00e1s en modo bluetooth y gracias a la funci\u00f3n True Wireless podr\u00e1s conectar dos altavoces Avenzo AV-SP3201B (24W = 12W + 12W). De esta manera un altavoz ser\u00e1 el canal izquierdo y otro altavoz el canal derecho, para escuchar m\u00fasica en est\u00e9reo. Puedes separar ambos altavoces un m\u00e1ximo de 10 m.<\/li>\n<\/ul>\n<p>&nbsp;<\/p>\n<p><strong>CONECTIVIDAD<\/strong><\/p>\n<ul>\n<li>En el panel trasero encontrar\u00e1s, la entrada para el Micr\u00f3fono, para Guitarra; una entrada Micro USB para poder cargar el altavoz, una entrada Auxiliar de 3,5 mm para que puedas conectar dispositivos y entradas USB y microSD para que puedas conectar una memoria y reproducir tus MP3 favoritos.<\/li>\n<\/ul>\n<p>&nbsp;<\/p>\n<p><strong>DETALLES:<\/strong><\/p>\n<ul>\n<li><strong>Bluetooth 5.0<\/strong><\/li>\n<li><strong>Rango de funcionamiento: hasta 10 m<\/strong><\/li>\n<li><strong>Sistema de sonido 2.0<\/strong><\/li>\n<li><strong>Potencia total REAL 16 W (2 * 8 w)<\/strong><\/li>\n<li><strong>Iluminaci\u00f3n LED<\/strong><\/li>\n<li><strong>Ranura tarjeta SD para reproducir MP3 (hasta 32 GB)<\/strong><\/li>\n<li><strong>Puerto USB para reproducci\u00f3n MP3<\/strong><\/li>\n<li><strong>Entrada minijack 3,5 mm AUX IN<\/strong><\/li>\n<li><strong>Entrada para micro y guitarra<\/strong><\/li>\n<li><strong>Bater\u00eda integrada de 2500 mAh<\/strong><\/li>\n<li><strong>Puerto de carga: micro-USB (5V 1A)<\/strong><\/li>\n<li><strong>Tiempo reproducci\u00f3n: hasta 10h*<\/strong><\/li>\n<li><strong>Asa de transporte<\/strong><\/li>\n<li><strong>Tama\u00f1o: 235 * 225 * 470 mm<\/strong><\/li>\n<li><strong>Se incluye: micr\u00f3fono con cable, cable jack, cable usb, manual y garant\u00eda<\/strong><\/li>\n<\/ul>\n<p><strong>\u00a0<\/strong><\/p>\n<h5><strong>*Las im\u00e1genes son a modo ilustrativo.<\/strong><\/h5>\n","protected":false},"excerpt":{"rendered":"<h3><span style=\"color: #339966;\"><strong>U$S 92<\/strong><\/span><\/h3>\n","protected":false},"featured_media":5490,"comment_status":"open","ping_status":"closed","template":"","meta":[],"_links":{"self":[{"href":"https:\/\/www.appoloviracel.com.uy\/index.php\/wp-json\/wp\/v2\/product\/5489"}],"collection":[{"href":"https:\/\/www.appoloviracel.com.uy\/index.php\/wp-json\/wp\/v2\/product"}],"about":[{"href":"https:\/\/www.appoloviracel.com.uy\/index.php\/wp-json\/wp\/v2\/types\/product"}],"replies":[{"embeddable":true,"href":"https:\/\/www.appoloviracel.com.uy\/index.php\/wp-json\/wp\/v2\/comments?post=5489"}],"wp:featuredmedia":[{"embeddable":true,"href":"https:\/\/www.appoloviracel.com.uy\/index.php\/wp-json\/wp\/v2\/media\/5490"}],"wp:attachment":[{"href":"https:\/\/www.appoloviracel.com.uy\/index.php\/wp-json\/wp\/v2\/media?parent=5489"}],"curies":[{"name":"wp","href":"https:\/\/api.w.org\/{rel}","templated":true}]}}