{"id":542,"date":"2020-10-15T22:23:32","date_gmt":"2020-10-16T01:23:32","guid":{"rendered":"https:\/\/www.appoloviracel.com.uy\/?post_type=product&#038;p=542"},"modified":"2025-06-02T12:39:46","modified_gmt":"2025-06-02T15:39:46","slug":"alcatel-txee-mini","status":"publish","type":"product","link":"https:\/\/www.appoloviracel.com.uy\/index.php\/product\/alcatel-txee-mini\/","title":{"rendered":"Tablet Alcatel Kids \u00abTXEE Mini\u00bb 7 pulgadas (16Gb-1.5Gb)"},"content":{"rendered":"<h4>Caracter\u00edsticas y especificaciones:<\/h4>\n<p>Se trata de un dispositivo pensado para que los m\u00e1s peque\u00f1os mantengan una experiencia segura.Este dispositivo trae el software Kidomi, una plataforma con contenido educativo para ni\u00f1os y familias que, adem\u00e1s, ofrece apps, juegos y videos educativos gratuitos. Asimismo cuenta con una funci\u00f3n de control parental que podr\u00e1 medir la cantidad de horas que los ni\u00f1os pasan frente a la pantalla; y emitir una advertencia si est\u00e1 siendo utilizando demasiada cerca de los ojos. Tampoco podr\u00e1n instalar ni desinstalar apps por s\u00ed solos.<br \/>\nCabe destacar que trae un protector para resistir ca\u00eddas; y entre sus caracter\u00edsticas podemos enumerar su pantalla de 7\u2019\u2019, su procesador MediaTek MT8167D, Quad-Core (4 * 1.3 GHz); y sus 1,5 GB de memoria RAM y 16 GB de almacenamiento expandible mediante una memoria microSD.<br \/>\nPor \u00faltimo se destaca su c\u00e1mara delantera de 2MP y una bater\u00eda de 2.580 mAh.<\/p>\n<ul>\n<li><strong>Memoria interna<\/strong>: 16 GB + microSD.<\/li>\n<li><strong>RAM<\/strong>: 1,5 GB.<\/li>\n<li><strong>Pantalla: <\/strong>7 Pulgadas &#8211; 1024 * 600 pixeles<\/li>\n<li><strong>Procesador<\/strong>: MediaTek MT8167D, Quad-Core (4 * 1.3 GHz)<\/li>\n<li><strong>Sistema operativo<\/strong>: Android Oreo<\/li>\n<li><strong>C\u00e1mara<\/strong>: 2 MPixeles<\/li>\n<li>Incluye: Protector de goma con soporte y l\u00e1piz t\u00e1ctil con correa<\/li>\n<li><strong>Bater\u00eda<\/strong>: 2.580 mAh<\/li>\n<li><strong>Peso<\/strong>: 268 gramos<\/li>\n<li>Se incluyen los siguientes accesorios: <strong>Cargador y Manual<\/strong><\/li>\n<li><strong>Garant\u00eda:<\/strong> 12 meses contra defecto de fabricaci\u00f3n<\/li>\n<\/ul>\n<p>&nbsp;<\/p>\n<h4><span style=\"color: #ff0000;\"><strong>Contado efectivo: 10% de Descuento<\/strong><\/span><\/h4>\n<h5>*Las im\u00e1genes son a modo ilustrativo.<\/h5>\n","protected":false},"excerpt":{"rendered":"<h3><span style=\"color: #ff0000;\"><strong>\u00abArt\u00edculo Agotado\u00bb<\/strong><\/span><\/h3>\n<h3><span style=\"color: #ff0000;\"><strong>\u00a0<\/strong><\/span><\/h3>\n<h3><span style=\"color: #339966;\"><strong>\u00a0<\/strong><\/span><\/h3>\n","protected":false},"featured_media":544,"comment_status":"open","ping_status":"closed","template":"","meta":[],"_links":{"self":[{"href":"https:\/\/www.appoloviracel.com.uy\/index.php\/wp-json\/wp\/v2\/product\/542"}],"collection":[{"href":"https:\/\/www.appoloviracel.com.uy\/index.php\/wp-json\/wp\/v2\/product"}],"about":[{"href":"https:\/\/www.appoloviracel.com.uy\/index.php\/wp-json\/wp\/v2\/types\/product"}],"replies":[{"embeddable":true,"href":"https:\/\/www.appoloviracel.com.uy\/index.php\/wp-json\/wp\/v2\/comments?post=542"}],"wp:featuredmedia":[{"embeddable":true,"href":"https:\/\/www.appoloviracel.com.uy\/index.php\/wp-json\/wp\/v2\/media\/544"}],"wp:attachment":[{"href":"https:\/\/www.appoloviracel.com.uy\/index.php\/wp-json\/wp\/v2\/media?parent=542"}],"curies":[{"name":"wp","href":"https:\/\/api.w.org\/{rel}","templated":true}]}}