{"id":5072,"date":"2021-03-26T12:32:25","date_gmt":"2021-03-26T15:32:25","guid":{"rendered":"https:\/\/www.appoloviracel.com.uy\/?post_type=product&#038;p=5072"},"modified":"2021-03-26T12:37:37","modified_gmt":"2021-03-26T15:37:37","slug":"soporte-para-auto-long-neck-nb-095h-ventosa-telescopico","status":"publish","type":"product","link":"https:\/\/www.appoloviracel.com.uy\/index.php\/product\/soporte-para-auto-long-neck-nb-095h-ventosa-telescopico\/","title":{"rendered":"Soporte Long Neck \u00abNB-095H\u00bb para Auto (Ventosa, Telesc\u00f3pico)"},"content":{"rendered":"<h4>Caracter\u00edsticas y especificaciones:<\/h4>\n<p>-Col\u00f3quela en el parabrisas, el tablero de instrumentos o la mayor\u00eda de las superficies planas lisas. No se caer\u00e1n incluso en giros, golpes o cuando la velocidad sea demasiado r\u00e1pida; El soporte para autom\u00f3vil se puede restaurar a su estado de menta enjuag\u00e1ndolo con agua tibia y dej\u00e1ndolo secar al aire.<br \/>\n-Rotaciones de 360\u00b0 y altura ajustable: La cabeza de bola giratoria permite giros de 360\u00b0 hasta el \u00e1ngulo de visi\u00f3n deseado. El interruptor fijo ajustable lo ayuda a ajustar el soporte del autom\u00f3vil a la altura perfecta. Totalmente ajustable con una rotaci\u00f3n de 360 grados para vistas r\u00e1pidas de retrato y paisaje.<br \/>\n-El brazo telesc\u00f3pico ajustable se adapta a la longitud deseada de hasta 9,2 pulgadas (23 cm), puede ajustar la distancia como desee.<\/p>\n<h5><strong>*Las im\u00e1genes son a modo ilustrativo.<\/strong><\/h5>\n","protected":false},"excerpt":{"rendered":"<h3><span style=\"color: #339966;\"><strong>$ 250<\/strong><\/span><\/h3>\n","protected":false},"featured_media":5073,"comment_status":"open","ping_status":"closed","template":"","meta":[],"_links":{"self":[{"href":"https:\/\/www.appoloviracel.com.uy\/index.php\/wp-json\/wp\/v2\/product\/5072"}],"collection":[{"href":"https:\/\/www.appoloviracel.com.uy\/index.php\/wp-json\/wp\/v2\/product"}],"about":[{"href":"https:\/\/www.appoloviracel.com.uy\/index.php\/wp-json\/wp\/v2\/types\/product"}],"replies":[{"embeddable":true,"href":"https:\/\/www.appoloviracel.com.uy\/index.php\/wp-json\/wp\/v2\/comments?post=5072"}],"wp:featuredmedia":[{"embeddable":true,"href":"https:\/\/www.appoloviracel.com.uy\/index.php\/wp-json\/wp\/v2\/media\/5073"}],"wp:attachment":[{"href":"https:\/\/www.appoloviracel.com.uy\/index.php\/wp-json\/wp\/v2\/media?parent=5072"}],"curies":[{"name":"wp","href":"https:\/\/api.w.org\/{rel}","templated":true}]}}