{"id":5026,"date":"2021-03-25T20:25:26","date_gmt":"2021-03-25T23:25:26","guid":{"rendered":"https:\/\/www.appoloviracel.com.uy\/?post_type=product&#038;p=5026"},"modified":"2021-04-20T13:00:25","modified_gmt":"2021-04-20T16:00:25","slug":"smartwatch-chifte-g500","status":"publish","type":"product","link":"https:\/\/www.appoloviracel.com.uy\/index.php\/product\/smartwatch-chifte-g500\/","title":{"rendered":"Smartwatch Chifte \u00abG500\u00bb"},"content":{"rendered":"<h4>Caracter\u00edsticas y especificaciones:<\/h4>\n<p>Reloj inteligente G500, rastreador GPS, llamada por Bluetooth, temperatura corporal de 44MM, Monitor de frecuencia card\u00edaca ECG.<br \/>\nModelo: G500<br \/>\nColor: Negro<br \/>\nBluetooth: 4,0<br \/>\nNivel de agua: IP68<br \/>\nMaestro chip: MT2502D<br \/>\nSorage: RAM: 32kb ROM: 32kb<br \/>\nM\u00e9todo de operaci\u00f3n: completamente t\u00e1ctil + bot\u00f3n de funci\u00f3n<br \/>\nTipo de pantalla: Ajuste completo de 1,54 pulgadas, completamente t\u00e1ctil<br \/>\nResoluci\u00f3n: 240*240 p\u00edxeles<br \/>\nBater\u00eda: bater\u00eda de litio de cobalto puro integrada<br \/>\nCapacidad de la bater\u00eda: 200 mAh<br \/>\nFunciones principales:<\/p>\n<p>* Funci\u00f3n de llamada: tonos de llamada de encendido\/apagado, reproducci\u00f3n de m\u00fasica, lista de contactos utilizados con frecuencia,<br \/>\nMarcaci\u00f3n de voz de llamada entrante, Llamada de emergencia, llamada respuesta de la llamada\/Rechazar<br \/>\n*Movimiento: pod\u00f3metro, tiempo de ejercicio, pista de atletismo, kilometraje, calor\u00edas, modo de ejercicio (caminar, correr, ciclismo, escalada)<br \/>\n*Monitoreo de salud: frecuencia card\u00edaca\/presi\u00f3n arterial\/ox\u00edgeno en sangre\/ECG\/ medici\u00f3n de temperatura, vigilancia de sue\u00f1o<br \/>\n*Recordatorio inteligente: Recordatorio de sedentarismo, recordatorio de llamada, mensaje push (SMS \/ QQ \/ WeChat \/ Skype \/ Facebook \/ Twitter\/ WhatsApp)<br \/>\n*Otras funciones: gira la mu\u00f1eca para iluminar la pantalla, Personalizar el brillo, Modo silencioso, antip\u00e9rdida, agitar para tomar fotos, control de m\u00fasica, cron\u00f3metro, despertador, calendario, calculadora<\/p>\n<p>Idiomas compatibles con la aplicaci\u00f3n: ingl\u00e9s, franc\u00e9s, alem\u00e1n, espa\u00f1ol, portugu\u00e9s, italiano, ruso, polaco, turco, \u00e1rabe, tailand\u00e9s, hebreo, japon\u00e9s, chino simplificado<\/p>\n<p>Dispositivo compatible: iOS 10,0 o superior; Android 4,4 o superior<\/p>\n<p>Garant\u00eda: 3 meses contra defecto de fabricaci\u00f3n<\/p>\n<h4><span style=\"color: #ff0000;\"><strong>* La garant\u00eda no cubre falla que se pueda dar por un uso intensivo.<\/strong><\/span><\/h4>\n<h5><strong>*Las im\u00e1genes son a modo ilustrativo.<\/strong><\/h5>\n<h5><strong>\u00a0<\/strong><\/h5>\n","protected":false},"excerpt":{"rendered":"<h3><span style=\"color: #339966;\"><strong>U$S 59<\/strong><\/span><\/h3>\n","protected":false},"featured_media":5027,"comment_status":"open","ping_status":"closed","template":"","meta":[],"_links":{"self":[{"href":"https:\/\/www.appoloviracel.com.uy\/index.php\/wp-json\/wp\/v2\/product\/5026"}],"collection":[{"href":"https:\/\/www.appoloviracel.com.uy\/index.php\/wp-json\/wp\/v2\/product"}],"about":[{"href":"https:\/\/www.appoloviracel.com.uy\/index.php\/wp-json\/wp\/v2\/types\/product"}],"replies":[{"embeddable":true,"href":"https:\/\/www.appoloviracel.com.uy\/index.php\/wp-json\/wp\/v2\/comments?post=5026"}],"wp:featuredmedia":[{"embeddable":true,"href":"https:\/\/www.appoloviracel.com.uy\/index.php\/wp-json\/wp\/v2\/media\/5027"}],"wp:attachment":[{"href":"https:\/\/www.appoloviracel.com.uy\/index.php\/wp-json\/wp\/v2\/media?parent=5026"}],"curies":[{"name":"wp","href":"https:\/\/api.w.org\/{rel}","templated":true}]}}