{"id":4961,"date":"2021-03-20T23:15:01","date_gmt":"2021-03-21T02:15:01","guid":{"rendered":"https:\/\/www.appoloviracel.com.uy\/?post_type=product&#038;p=4961"},"modified":"2022-05-21T09:43:05","modified_gmt":"2022-05-21T12:43:05","slug":"celular-samsung-galaxy-a32-128gb","status":"publish","type":"product","link":"https:\/\/www.appoloviracel.com.uy\/index.php\/product\/celular-samsung-galaxy-a32-128gb\/","title":{"rendered":"Celular Samsung \u00abGalaxy A32\u00bb (128Gb)"},"content":{"rendered":"<h4>Caracter\u00edsticas y especificaciones:<\/h4>\n<ul>\n<li><strong>*Medida en diagonal, la pantalla tiene un tama\u00f1o de 6,5&#8243; como un rect\u00e1ngulo completo y de 6,4&#8243; teniendo en cuenta las esquinas redondeadas. El \u00e1rea de visi\u00f3n real es menor debido a las esquinas redondeadas y al orificio de la c\u00e1mara.<\/strong><\/li>\n<li><strong>*Sensor de proximidad virtual: Detecci\u00f3n de informaci\u00f3n de proximidad mediante el uso de software sin sensor de proximidad.<\/strong><\/li>\n<li><strong>*La memoria disponible es menor que la memoria total debido al espacio que ocupa el sistema operativo y el software usado para determinadas funcionalidades del dispositivo. La memoria disponible real variar\u00e1 dependiendo del operador de telefon\u00eda o de terceros vinculados con ofertas concretas de dispositivos; y puede cambiar despu\u00e9s de la instalaci\u00f3n de actualizaciones de software.<\/strong><\/li>\n<li><strong>*Banda de red: El ancho de banda soportado por el dispositivo puede variar en funci\u00f3n de la regi\u00f3n o el proveedor del servicio.<\/strong><\/li>\n<li><strong>*Valor t\u00edpico probado en entorno de laboratorio independiente. El valor t\u00edpico es el valor promedio estimado teniendo en cuenta la desviaci\u00f3n en la capacidad de la bater\u00eda entre las muestras probadas de acuerdo a la normativa IEC 61960. La capacidad nominal (m\u00ednima) es de 4,860 mAh. La autonom\u00eda real puede variar seg\u00fan el entorno de red, h\u00e1bitos de uso y otros factores.<\/strong><\/li>\n<li><strong>PROCESADOR:<\/strong><\/li>\n<li><strong>&gt;CPU: 2Hz<\/strong><\/li>\n<li><strong>&gt;Tipo de CPU: Octa Core<\/strong><\/li>\n<li><strong>PANTALLA: <\/strong><\/li>\n<li><strong>&gt;Tama\u00f1o de pantalla: 6.4&#8243;<\/strong><\/li>\n<li><strong>&gt;Resoluci\u00f3n: 1080x 2400 (FHD+)<\/strong><\/li>\n<li><strong>&gt;Gorilla Glass 5<\/strong><\/li>\n<li><strong>&gt;Pantalla Su\u0301per AMOLED<\/strong><\/li>\n<li><strong>&gt;Profundidad de color: 16M <\/strong><\/li>\n<li><strong>&gt;Frecuencia de actualizacio\u0301n: 90 Hz<\/strong><\/li>\n<li><strong>C\u00c1MARA:<\/strong><\/li>\n<li><strong>&gt;C\u00e1mara principal:64MP<\/strong><\/li>\n<li><strong>&gt;C\u00e1mara macro: 5MP<\/strong><\/li>\n<li><strong>&gt;C\u00e1mara ultra angular: 8MP<\/strong><\/li>\n<li><strong>&gt;Auto foco: Si<\/strong><\/li>\n<li><strong>&gt;Flash c\u00e1mara principal: Si<\/strong><\/li>\n<li><strong>&gt;Resoluci\u00f3n de video: FHD (1920 x 1080)@30fps<\/strong><\/li>\n<li><strong>&gt;C\u00e1mara frontal: 20 MP<\/strong><\/li>\n<li><strong>&gt;Auto foco: No<\/strong><\/li>\n<li><strong>&gt;Flash frontal:No<\/strong><\/li>\n<li><strong>MEMORIA<\/strong><\/li>\n<li><strong>&gt;Almacenamiento interno: 128 GB<\/strong><\/li>\n<li><strong>&gt;Memoria RAM: 4 GB<\/strong><\/li>\n<li><strong>&gt;Memoria externa: MicroSD (hasta 1TB)<\/strong><\/li>\n<li><strong>SISTEMA OPERATIVO: Android<\/strong><\/li>\n<li><strong>REDES:<\/strong><\/li>\n<li><strong>&gt;Tama\u00f1o de SIM: Nano-SIM<\/strong><\/li>\n<li><strong>&gt;DUAL SIM<\/strong><\/li>\n<li><strong>&gt;2G GSM,3G WCDMA,4G LTE FDD,4G LTE TDD<\/strong><\/li>\n<li><strong>CONECTIVIDAD<\/strong><\/li>\n<li><strong>&gt;Puerto USB: USB Type-C<\/strong><\/li>\n<li><strong>&gt;Versi\u00f3n USB: 2.0<\/strong><\/li>\n<li><strong>&gt;Localizaci\u00f3n: GPS, Glonass, Beidou, Galileo<\/strong><\/li>\n<li><strong>&gt;Wi-Fi: 802.11 a\/b\/g\/n\/ac 2.4+5GHz<\/strong><\/li>\n<li><strong>&gt;Wi-Fi Directo: Si<\/strong><\/li>\n<li><strong>&gt;Auricular: 3.5mm Stereo<\/strong><\/li>\n<li><strong>&gt;Versi\u00f3n de Bluetooth: v5.0<\/strong><\/li>\n<li><strong>&gt;Sinc. con PC: Smart Switch (PC version)<\/strong><\/li>\n<li><strong>SENSORES: Huella digital, aceler\u00f3metro, giroscopio, proximidad, br\u00fajula.<\/strong><\/li>\n<li><strong>BATER\u00cdA:<\/strong><\/li>\n<li><strong>&gt;Capacidad de bater\u00eda: 5000 mAh<\/strong><\/li>\n<li><strong>&gt;Bater\u00eda removible: No<\/strong><\/li>\n<li><strong>MEDIDAS Dimensiones (HxWxD):<\/strong><\/li>\n<li><strong>&gt;158.9 * 73.6 * 8.4 mm<\/strong><\/li>\n<li><strong>&gt;Peso: 184grs.<\/strong><\/li>\n<li><strong>SERVICIOS:Galaxy Buds,Galaxy Fit2,Galaxy Fit e,Galaxy Fit,Galaxy Watch3,Galaxy Watch,Galaxy Watch Active2,Galaxy Watch Active,Gear Fit2 Pro,Gear Fit2,Gear Sport,Gear S3,Gear S2,Gear IconX,Gear IconX (2018)<\/strong><\/li>\n<li>Se incluyen los siguientes accesorios: <strong>Cargador y Manual<\/strong><\/li>\n<li><strong>Garant\u00eda:<\/strong> 12 meses contra defecto de fabricaci\u00f3n<\/li>\n<\/ul>\n<h4><\/h4>\n<h4><span style=\"color: #ff0000;\"><strong>Contado efectivo: 10% de Descuento<\/strong><\/span><\/h4>\n<h5><strong>*Las im\u00e1genes son a modo ilustrativo.<\/strong><\/h5>\n","protected":false},"excerpt":{"rendered":"<h3><span style=\"color: #339966;\"><strong>U$S 390<\/strong><\/span><\/h3>\n","protected":false},"featured_media":4962,"comment_status":"open","ping_status":"closed","template":"","meta":[],"_links":{"self":[{"href":"https:\/\/www.appoloviracel.com.uy\/index.php\/wp-json\/wp\/v2\/product\/4961"}],"collection":[{"href":"https:\/\/www.appoloviracel.com.uy\/index.php\/wp-json\/wp\/v2\/product"}],"about":[{"href":"https:\/\/www.appoloviracel.com.uy\/index.php\/wp-json\/wp\/v2\/types\/product"}],"replies":[{"embeddable":true,"href":"https:\/\/www.appoloviracel.com.uy\/index.php\/wp-json\/wp\/v2\/comments?post=4961"}],"wp:featuredmedia":[{"embeddable":true,"href":"https:\/\/www.appoloviracel.com.uy\/index.php\/wp-json\/wp\/v2\/media\/4962"}],"wp:attachment":[{"href":"https:\/\/www.appoloviracel.com.uy\/index.php\/wp-json\/wp\/v2\/media?parent=4961"}],"curies":[{"name":"wp","href":"https:\/\/api.w.org\/{rel}","templated":true}]}}