{"id":4951,"date":"2021-03-20T23:04:20","date_gmt":"2021-03-21T02:04:20","guid":{"rendered":"https:\/\/www.appoloviracel.com.uy\/?post_type=product&#038;p=4951"},"modified":"2023-07-12T20:16:48","modified_gmt":"2023-07-12T23:16:48","slug":"celular-tecno-spark-6-128gb","status":"publish","type":"product","link":"https:\/\/www.appoloviracel.com.uy\/index.php\/product\/celular-tecno-spark-6-128gb\/","title":{"rendered":"Celular TECNO \u00abSpark 6\u00bb (128Gb)"},"content":{"rendered":"<h4>Caracter\u00edsticas y especificaciones:<\/h4>\n<ul>\n<li><strong>Procesador G70 de ocho n\u00facleos: el cerebro m\u00e1s r\u00e1pido hasta ahora<\/strong><\/li>\n<li><strong>La capacidad de c\u00f3mputo de la CPU se incrementa en un 60 % y el rendimiento del GPU mejora un 26 %. El poderoso chip del procesador G70 de ocho n\u00facleos ofrece una experiencia de usuario estable y homog\u00e9nea como nunca antes imaginaste. Esto garantiza que puedas disfrutar al m\u00e1ximo de los videojuegos.<\/strong><\/li>\n<li><strong>128 GB de ROM + 4 GB de RAM: realmente r\u00e1pido y furioso<\/strong><\/li>\n<li><strong>Los amplios 128 GB de ROM liberan m\u00e1s espacio para almacenar fotos, videos, aplicaciones y archivos. La rapidez de los 4 GB de RAM garantiza una experiencia m\u00f3vil m\u00e1s estable y fluida para que puedas disfrutar de tus videojuegos favoritos sin inconvenientes en el nuevo SPARK 6.<\/strong><\/li>\n<li><strong>Pantalla perforada de 6,8: mayor visualizaci\u00f3n, mejor claridad, tama\u00f1o y proporci\u00f3n de pantalla<\/strong><\/li>\n<li><strong>El SPARK 6 logra un buen equilibrio entre una experiencia de visualizaci\u00f3n mejorada y un agarre c\u00f3modo. Cuenta con un tama\u00f1o de pantalla de 6,8 pulgadas, pantalla perforada superior de 4,85 mm y proporci\u00f3n de pantalla de visualizaci\u00f3n completa de 20.5:9. Resoluci\u00f3n HD+ de 720*1640, 480 nits de brillo y 264 PPI: todo esto genera una visualizaci\u00f3n m\u00e1s clara y un contraste de colores intenso. La experiencia sensorial avanza y alcanza otro nivel.<\/strong><\/li>\n<li><strong>C\u00e1mara cu\u00e1druple de 16 MP con IA: fotograf\u00eda, retratos y filmaci\u00f3n de videos, todo en uno<\/strong><\/li>\n<li><strong>La excelente combinaci\u00f3n de lente n\u00edtida de 16 MP + lente de control de profundidad + lente macro + lente con IA ayudar\u00e1 a renovar tu experiencia fotogr\u00e1fica. Fotos de alta definici\u00f3n, retrato supertexturado, filmaci\u00f3n de videos divertidos, fotograf\u00eda con IA e interacci\u00f3n con RA: todo en un m\u00f3dulo de c\u00e1mara.<\/strong><\/li>\n<li><strong>C\u00e1mara frontal de 8 MP<\/strong><\/li>\n<li><strong>Si tu tel\u00e9fono parpadea una vez, quiere decir que tomaste una buena autofoto. Actual\u00edzate con una c\u00e1mara frontal con IA de 8 MP y algoritmos faciales completamente desarrollados para capturar tus momentos m\u00e1s despampanantes.<\/strong><\/li>\n<li><strong>Impresionante por dentro y sorprendente por fuera Bater\u00eda de 5000 mAh + soporte para carga r\u00e1pida de 18 W: Siempre lista<\/strong><\/li>\n<li><strong>Cuando est\u00e1 cargada, la bater\u00eda de 5000 mAh se mantiene activa durante m\u00e1s tiempo. Actualmente, SPARK 6 admite la carga r\u00e1pida de 18 W, lo que garantiza su estado \u201csiempre listo\u201d.<\/strong><\/li>\n<li><strong>HiOS 7.0, agradable vida m\u00f3vil<\/strong><\/li>\n<li><strong>El sistema operativo HiOS avanza a la versi\u00f3n 7.0. \u00a1M\u00e1s eficiente, m\u00e1s agradable!<\/strong><\/li>\n<li><strong>Emojis del Manchester City Football Club de TECNO X<\/strong><\/li>\n<li><strong>El nuevo sistema incluye versiones de emojis dise\u00f1adas especialmente.<\/strong><\/li>\n<li>Se incluyen los siguientes accesorios: <strong>Cargador y Manual<\/strong><\/li>\n<li><strong>Garant\u00eda:<\/strong> 12 meses contra defecto de fabricaci\u00f3n<\/li>\n<\/ul>\n<h4><\/h4>\n<h4><strong><span lang=\"ES\" style=\"font-family: 'Calibri','sans-serif'; color: red;\">Contado efectivo: 10% de Descuento<\/span><\/strong><\/h4>\n<h5><strong>*Las im\u00e1genes son a modo ilustrativo.<\/strong><\/h5>\n","protected":false},"excerpt":{"rendered":"<h3><span style=\"color: #339966;\"><strong>U$S 235<\/strong><\/span><\/h3>\n","protected":false},"featured_media":4952,"comment_status":"open","ping_status":"closed","template":"","meta":[],"_links":{"self":[{"href":"https:\/\/www.appoloviracel.com.uy\/index.php\/wp-json\/wp\/v2\/product\/4951"}],"collection":[{"href":"https:\/\/www.appoloviracel.com.uy\/index.php\/wp-json\/wp\/v2\/product"}],"about":[{"href":"https:\/\/www.appoloviracel.com.uy\/index.php\/wp-json\/wp\/v2\/types\/product"}],"replies":[{"embeddable":true,"href":"https:\/\/www.appoloviracel.com.uy\/index.php\/wp-json\/wp\/v2\/comments?post=4951"}],"wp:featuredmedia":[{"embeddable":true,"href":"https:\/\/www.appoloviracel.com.uy\/index.php\/wp-json\/wp\/v2\/media\/4952"}],"wp:attachment":[{"href":"https:\/\/www.appoloviracel.com.uy\/index.php\/wp-json\/wp\/v2\/media?parent=4951"}],"curies":[{"name":"wp","href":"https:\/\/api.w.org\/{rel}","templated":true}]}}