{"id":4863,"date":"2021-03-17T21:28:38","date_gmt":"2021-03-18T00:28:38","guid":{"rendered":"https:\/\/www.appoloviracel.com.uy\/?post_type=product&#038;p=4863"},"modified":"2021-09-08T10:32:35","modified_gmt":"2021-09-08T13:32:35","slug":"havit-mouse-gamer-con-luces-hv-ms736","status":"publish","type":"product","link":"https:\/\/www.appoloviracel.com.uy\/index.php\/product\/havit-mouse-gamer-con-luces-hv-ms736\/","title":{"rendered":"Mouse Havit \u00abHV-MS736\u00bb Gamer con Luces"},"content":{"rendered":"<h4>Caracter\u00edsticas y especificaciones:<\/h4>\n<ul>\n<li><strong>Dise\u00f1o:<\/strong>\u00a0mouse \u00f3ptico con 3 niveles de velocidad y luz led.<\/li>\n<li><strong>Dimensiones:<\/strong>\u00a0120 * 73 * 32 mm.<\/li>\n<li><strong>Puerto:<\/strong>\u00a0USB.<\/li>\n<li><strong>N\u00famero de botones:<\/strong>\u00a04.<\/li>\n<li><strong>Resoluci\u00f3n<\/strong>: 800\/1000\/1200 DPI<\/li>\n<li><strong>Vida de las teclas:<\/strong>\u00a0aprox. 1 mill\u00f3n de veces.<\/li>\n<li><strong>Longitud del cable:<\/strong>\u00a01.5 metros.<\/li>\n<li><strong>Compatible con:<\/strong>\u00a0Windows 2000\/XP\/Vista\/7\/8.<\/li>\n<li><strong>Tecnolog\u00eda \u00d3ptico Resoluci\u00f3n de movimiento<\/strong>: 1200 DPI<\/li>\n<li>Ideal para juegos<\/li>\n<li>Luces LED de colores<\/li>\n<\/ul>\n<p><strong>\u00a0<\/strong><\/p>\n<h5><strong>*Las im\u00e1genes son a modo ilustrativo.<\/strong><\/h5>\n<p>&nbsp;<\/p>\n","protected":false},"excerpt":{"rendered":"<h3><span style=\"color: #339966;\"><strong>$ 300<\/strong><\/span><\/h3>\n","protected":false},"featured_media":4864,"comment_status":"open","ping_status":"closed","template":"","meta":[],"_links":{"self":[{"href":"https:\/\/www.appoloviracel.com.uy\/index.php\/wp-json\/wp\/v2\/product\/4863"}],"collection":[{"href":"https:\/\/www.appoloviracel.com.uy\/index.php\/wp-json\/wp\/v2\/product"}],"about":[{"href":"https:\/\/www.appoloviracel.com.uy\/index.php\/wp-json\/wp\/v2\/types\/product"}],"replies":[{"embeddable":true,"href":"https:\/\/www.appoloviracel.com.uy\/index.php\/wp-json\/wp\/v2\/comments?post=4863"}],"wp:featuredmedia":[{"embeddable":true,"href":"https:\/\/www.appoloviracel.com.uy\/index.php\/wp-json\/wp\/v2\/media\/4864"}],"wp:attachment":[{"href":"https:\/\/www.appoloviracel.com.uy\/index.php\/wp-json\/wp\/v2\/media?parent=4863"}],"curies":[{"name":"wp","href":"https:\/\/api.w.org\/{rel}","templated":true}]}}