{"id":4812,"date":"2021-03-16T21:42:28","date_gmt":"2021-03-17T00:42:28","guid":{"rendered":"https:\/\/www.appoloviracel.com.uy\/?post_type=product&#038;p=4812"},"modified":"2021-03-27T15:27:32","modified_gmt":"2021-03-27T18:27:32","slug":"genius-teclado-gx-gaming-scorpion-k9","status":"publish","type":"product","link":"https:\/\/www.appoloviracel.com.uy\/index.php\/product\/genius-teclado-gx-gaming-scorpion-k9\/","title":{"rendered":"Teclado Genius \u00abScorpion K9\u00bb GX Gaming"},"content":{"rendered":"<h4>Caracter\u00edsticas y especificaciones:<\/h4>\n<p>El teclado GX Gaming Scorpion K9 con retroiluminaci\u00f3n de 7 colores posee todos los elementos esenciales para el juego: teclas de f\u00e1cil acceso, marcado brillo ajustable, 19 teclas anti-ghosting, dise\u00f1o ergon\u00f3mico y m\u00e1s!<\/p>\n<ul>\n<li><strong>14 teclas de funci\u00f3n multimedia y de acceso directo<\/strong><\/li>\n<li><strong>Retroilumnaci\u00f3n brillante con ajuste de color y brillo<\/strong><\/li>\n<li><strong>Dise\u00f1o Exclusivo: Keycap con gran durabilidad<\/strong><\/li>\n<li><strong>19 teclas Anti-ghosting<\/strong><\/li>\n<li><strong>Dise\u00f1o ergon\u00f3mico<\/strong><\/li>\n<li><strong>Interfaz: USB<\/strong><\/li>\n<li><strong>Clave Compostie<\/strong><\/li>\n<li><strong>Longitud del cable: 1.5m<\/strong><\/li>\n<li><strong>Dimensiones: 465 * 192 * 30 mm<\/strong><\/li>\n<li><strong>Peso: 680grs<\/strong><\/li>\n<li><strong>Requisitos del sistema:Windows\u00ae 7.8 o posterior<\/strong><\/li>\n<li><strong>Puerto USB disponible<\/strong><\/li>\n<\/ul>\n<h5><\/h5>\n<h5><strong>*Las im\u00e1genes son a modo ilustrativo.<\/strong><\/h5>\n","protected":false},"excerpt":{"rendered":"<h3><span style=\"color: #339966;\"><strong>$ 1.690<\/strong><\/span><\/h3>\n","protected":false},"featured_media":4813,"comment_status":"open","ping_status":"closed","template":"","meta":[],"_links":{"self":[{"href":"https:\/\/www.appoloviracel.com.uy\/index.php\/wp-json\/wp\/v2\/product\/4812"}],"collection":[{"href":"https:\/\/www.appoloviracel.com.uy\/index.php\/wp-json\/wp\/v2\/product"}],"about":[{"href":"https:\/\/www.appoloviracel.com.uy\/index.php\/wp-json\/wp\/v2\/types\/product"}],"replies":[{"embeddable":true,"href":"https:\/\/www.appoloviracel.com.uy\/index.php\/wp-json\/wp\/v2\/comments?post=4812"}],"wp:featuredmedia":[{"embeddable":true,"href":"https:\/\/www.appoloviracel.com.uy\/index.php\/wp-json\/wp\/v2\/media\/4813"}],"wp:attachment":[{"href":"https:\/\/www.appoloviracel.com.uy\/index.php\/wp-json\/wp\/v2\/media?parent=4812"}],"curies":[{"name":"wp","href":"https:\/\/api.w.org\/{rel}","templated":true}]}}