{"id":4768,"date":"2021-03-15T22:16:16","date_gmt":"2021-03-16T01:16:16","guid":{"rendered":"https:\/\/www.appoloviracel.com.uy\/?post_type=product&#038;p=4768"},"modified":"2024-11-18T15:33:25","modified_gmt":"2024-11-18T18:33:25","slug":"jbl-tune-115bt","status":"publish","type":"product","link":"https:\/\/www.appoloviracel.com.uy\/index.php\/product\/jbl-tune-115bt\/","title":{"rendered":"Auricular JBL \u00abTUNE 115BT\u00bb (Bluetooth)"},"content":{"rendered":"<h4>Caracter\u00edsticas y especificaciones:<\/h4>\n<p>Con JBL Pure Bass Sound, los auriculares JBL TUNE 115BT ofrecen una soluci\u00f3n inal\u00e1mbrica para su diversi\u00f3n diaria. Y hay m\u00e1s que un excelente sonido: el JBL TUNE 115BT le permite hacer o recibir llamadas manos libres y ofrece hasta 8 horas de duraci\u00f3n de la bater\u00eda. Con conectividad multipunto, nunca perder\u00e1 una llamada ya que el JBL TUNE 115BT cambia sin problemas entre un video en su tableta y una llamada en su tel\u00e9fono. Imagine auriculares que se cargan r\u00e1pidamente en 2 horas, vienen en varios colores distintivos, cuentan con un cable plano sin enredos y son lo suficientemente livianos como para usarlos c\u00f3modamente durante horas y horas. Y cuando combina imanes que aseguran que los auriculares no cuelguen cuando no est\u00e1n en uso y la comodidad de las orejeras ergon\u00f3micas y el dise\u00f1o de la banda para el cuello.<\/p>\n<h5><strong>\u00a0<\/strong><strong>*Las im\u00e1genes son a modo ilustrativo.<\/strong><\/h5>\n","protected":false},"excerpt":{"rendered":"<h3><span style=\"color: #ff0000;\"><strong>AGOTADO<\/strong><\/span><\/h3>\n","protected":false},"featured_media":4769,"comment_status":"open","ping_status":"closed","template":"","meta":[],"_links":{"self":[{"href":"https:\/\/www.appoloviracel.com.uy\/index.php\/wp-json\/wp\/v2\/product\/4768"}],"collection":[{"href":"https:\/\/www.appoloviracel.com.uy\/index.php\/wp-json\/wp\/v2\/product"}],"about":[{"href":"https:\/\/www.appoloviracel.com.uy\/index.php\/wp-json\/wp\/v2\/types\/product"}],"replies":[{"embeddable":true,"href":"https:\/\/www.appoloviracel.com.uy\/index.php\/wp-json\/wp\/v2\/comments?post=4768"}],"wp:featuredmedia":[{"embeddable":true,"href":"https:\/\/www.appoloviracel.com.uy\/index.php\/wp-json\/wp\/v2\/media\/4769"}],"wp:attachment":[{"href":"https:\/\/www.appoloviracel.com.uy\/index.php\/wp-json\/wp\/v2\/media?parent=4768"}],"curies":[{"name":"wp","href":"https:\/\/api.w.org\/{rel}","templated":true}]}}