{"id":4603,"date":"2021-03-12T21:50:28","date_gmt":"2021-03-13T00:50:28","guid":{"rendered":"https:\/\/www.appoloviracel.com.uy\/?post_type=product&#038;p=4603"},"modified":"2021-03-13T14:32:34","modified_gmt":"2021-03-13T17:32:34","slug":"notebook-cooling-pad","status":"publish","type":"product","link":"https:\/\/www.appoloviracel.com.uy\/index.php\/product\/notebook-cooling-pad\/","title":{"rendered":"Notebook Cooling Pad"},"content":{"rendered":"<h4>Caracter\u00edsticas y especificaciones:<\/h4>\n<p>Sistema de refrigeraci\u00f3n que puede ser utilizado con seguridad junto con computadoras port\u00e1tiles de 10 hasta 17 pulgadas.<\/p>\n<p>\u201cDise\u00f1ado para un m\u00e1ximo rendimiento de refrigeraci\u00f3n y una excelente flexibilidad, el Notebook Cooling Pad extiende la vida \u00fatil de los port\u00e1tiles \/ laptops \/ Tablet PC y reduce el riesgo de fallas de calor de los componentes de los port\u00e1tiles. La Notebook Cooling Pad es un enfriador de final con una excelente ergonom\u00eda entre usted y su ordenador port\u00e1til \/ ordenador port\u00e1til o tablet PC mientras est\u00e1 trabajando, disfrutando de los juegos en su escritorio o en la carretera. La apariencia y funcionalidad que el Notebook Cooling Pad la mejor elecci\u00f3n posible en el mercado de la refrigeraci\u00f3n y el entretenimiento.\u201d<\/p>\n<ul>\n<li>Compatible con ordenadores port\u00e1tiles de 10 \u201d a 17\u2033<\/li>\n<li>Alimentaci\u00f3n mediante un conector Mini-USB.<\/li>\n<li>Ventilador de 120 mm con LEDs azules.<\/li>\n<li>Velocidad del ventilador regulable entre los 800 y 1500 rpm.<\/li>\n<li>Elegante dise\u00f1o con malla de metal de color blanco.<\/li>\n<li>Superficie de caucho antideslizante.<\/li>\n<li>Dise\u00f1o en \u00e1ngulo ergon\u00f3mico.<\/li>\n<\/ul>\n<h5><\/h5>\n<h5><strong>*Las im\u00e1genes son a modo ilustrativo.<\/strong><\/h5>\n","protected":false},"excerpt":{"rendered":"<h3><span style=\"color: #339966;\">$ 750<\/span><\/h3>\n","protected":false},"featured_media":4604,"comment_status":"open","ping_status":"closed","template":"","meta":[],"_links":{"self":[{"href":"https:\/\/www.appoloviracel.com.uy\/index.php\/wp-json\/wp\/v2\/product\/4603"}],"collection":[{"href":"https:\/\/www.appoloviracel.com.uy\/index.php\/wp-json\/wp\/v2\/product"}],"about":[{"href":"https:\/\/www.appoloviracel.com.uy\/index.php\/wp-json\/wp\/v2\/types\/product"}],"replies":[{"embeddable":true,"href":"https:\/\/www.appoloviracel.com.uy\/index.php\/wp-json\/wp\/v2\/comments?post=4603"}],"wp:featuredmedia":[{"embeddable":true,"href":"https:\/\/www.appoloviracel.com.uy\/index.php\/wp-json\/wp\/v2\/media\/4604"}],"wp:attachment":[{"href":"https:\/\/www.appoloviracel.com.uy\/index.php\/wp-json\/wp\/v2\/media?parent=4603"}],"curies":[{"name":"wp","href":"https:\/\/api.w.org\/{rel}","templated":true}]}}