{"id":4568,"date":"2021-03-12T15:03:38","date_gmt":"2021-03-12T18:03:38","guid":{"rendered":"https:\/\/www.appoloviracel.com.uy\/?post_type=product&#038;p=4568"},"modified":"2024-08-29T16:51:46","modified_gmt":"2024-08-29T19:51:46","slug":"adaptador-usb-tenda-u1-300mb-s","status":"publish","type":"product","link":"https:\/\/www.appoloviracel.com.uy\/index.php\/product\/adaptador-usb-tenda-u1-300mb-s\/","title":{"rendered":"Adaptador Tenda \u00abU1\u00bb USB (300Mb\/s)"},"content":{"rendered":"<h4>Caracter\u00edsticas y especificaciones:<\/h4>\n<p>El U1 es compatible con Windows 10 \/ 8.1 \/ 8 \/ 7 \/ XP \/ Vista, MAC OS 10.6 ~ 10.11 y Linux. La mayor\u00eda de los ordenadores (de sobremesa y port\u00e1tiles) son compatibles con el adaptador USB y pueden conectarse a Internet a trav\u00e9s de \u00e9l de forma sencilla.Configure el adaptador en un solo paso y cambie f\u00e1cilmente entre adaptador inal\u00e1mbrico y punto de acceso (en Windows 10 no es necesario instalar el controlador).<\/p>\n<h5><strong>*Las im\u00e1genes son a modo ilustrativo.<\/strong><\/h5>\n","protected":false},"excerpt":{"rendered":"<h3><span style=\"color: #339966;\"><strong>$ 650<\/strong><\/span><\/h3>\n","protected":false},"featured_media":4569,"comment_status":"open","ping_status":"closed","template":"","meta":[],"_links":{"self":[{"href":"https:\/\/www.appoloviracel.com.uy\/index.php\/wp-json\/wp\/v2\/product\/4568"}],"collection":[{"href":"https:\/\/www.appoloviracel.com.uy\/index.php\/wp-json\/wp\/v2\/product"}],"about":[{"href":"https:\/\/www.appoloviracel.com.uy\/index.php\/wp-json\/wp\/v2\/types\/product"}],"replies":[{"embeddable":true,"href":"https:\/\/www.appoloviracel.com.uy\/index.php\/wp-json\/wp\/v2\/comments?post=4568"}],"wp:featuredmedia":[{"embeddable":true,"href":"https:\/\/www.appoloviracel.com.uy\/index.php\/wp-json\/wp\/v2\/media\/4569"}],"wp:attachment":[{"href":"https:\/\/www.appoloviracel.com.uy\/index.php\/wp-json\/wp\/v2\/media?parent=4568"}],"curies":[{"name":"wp","href":"https:\/\/api.w.org\/{rel}","templated":true}]}}