{"id":4559,"date":"2021-03-12T14:59:30","date_gmt":"2021-03-12T17:59:30","guid":{"rendered":"https:\/\/www.appoloviracel.com.uy\/?post_type=product&#038;p=4559"},"modified":"2025-11-04T16:11:09","modified_gmt":"2025-11-04T19:11:09","slug":"adaptador-inalambrico-nano-usb-150-mb-s","status":"publish","type":"product","link":"https:\/\/www.appoloviracel.com.uy\/index.php\/product\/adaptador-inalambrico-nano-usb-150-mb-s\/","title":{"rendered":"Adaptador Tp-Link \u00abTL-WN725N\u00bb Inal\u00e1mbrico-Nano USB 2.0 (150 Mb\/s)"},"content":{"rendered":"<h4>Caracter\u00edsticas y especificaciones:<\/h4>\n<p>TL-WN725N permite al usuario conectar un ordenador de sobremesa o port\u00e1til a una red inal\u00e1mbrica en 150Mbps. Este adaptador miniatura est\u00e1 dise\u00f1ado para ser lo m\u00e1s c\u00f3modo posible y una vez conectado al puerto USB de un ordenador, se puede dejar all\u00ed, ya sea que viaje o en casa. Tambi\u00e9n cuenta con encriptaci\u00f3n inal\u00e1mbrica avanzada y f\u00e1cil instalaci\u00f3n.<\/p>\n<ul>\n<li>. Dise\u00f1o liso y brillante en miniatura tan peque\u00f1o que una vez conectado, puede dejarlo en un puerto USB de la Laptop<\/li>\n<li>. R\u00e1pida transmisi\u00f3n de velocidad de hasta 150Mbps ideal para el streaming de video o llamadas por internet<\/li>\n<li>. Seguridad avanzada: Soporta 64\/128 WEP, WPA, PA2\/WPA-PSK\/WPA2-PSK(TKIP\/AES)<\/li>\n<li>. Con\u00e9ctese de inmediato con la f\u00e1cil utilidad de instalaci\u00f3n en 14 idiomas<\/li>\n<\/ul>\n<h5><\/h5>\n<h5><strong>CARACTER\u00cdSTICAS DE HARDWARE<\/strong><\/h5>\n<ul>\n<li>Interface: USB 2.0<\/li>\n<li>LED: Estado<\/li>\n<li>Peso: 0.07 oz \/ 2.1 gramos (sin empaque)<\/li>\n<li>Dimensiones (W X D X): 0.73&#215;0.59&#215;0.28pulgadas.(18.6x15x7.1mm)<\/li>\n<li>Antena: Antena Interna<\/li>\n<\/ul>\n<h5><\/h5>\n<h5><strong>CARACTER\u00cdSTICAS INAL\u00c1MBRICAS<\/strong><\/h5>\n<ul>\n<li>Est\u00e1ndares Inal\u00e1mbricos: IEEE 802.11b, IEEE 802.11g, IEEE 802.11n<\/li>\n<li>Frecuencia: 2.400-2.4835GHz<\/li>\n<li>Modos Inal\u00e1mbricos: modo Ad-Hoc \/ Infraestructura<\/li>\n<li>Seguridad Inal\u00e1mbrica: 64\/128 WEP, WPA\/WPA2, WPA-PSK\/WPA2-PSK (TKIP\/AES), supports IEEE 802.1X<\/li>\n<li>Tecnolog\u00eda de Modulaci\u00f3n: DBPSK, DQPSK, CCK, OFDM, 16-QAM, 64-QAM<\/li>\n<\/ul>\n<h5><\/h5>\n<h5><strong>*Las im\u00e1genes son a modo ilustrativo.<\/strong><\/h5>\n","protected":false},"excerpt":{"rendered":"<h3><span style=\"color: #ff0000;\">\u00abArt\u00edculo Agotado\u00bb<\/span><\/h3>\n","protected":false},"featured_media":4560,"comment_status":"open","ping_status":"closed","template":"","meta":[],"_links":{"self":[{"href":"https:\/\/www.appoloviracel.com.uy\/index.php\/wp-json\/wp\/v2\/product\/4559"}],"collection":[{"href":"https:\/\/www.appoloviracel.com.uy\/index.php\/wp-json\/wp\/v2\/product"}],"about":[{"href":"https:\/\/www.appoloviracel.com.uy\/index.php\/wp-json\/wp\/v2\/types\/product"}],"replies":[{"embeddable":true,"href":"https:\/\/www.appoloviracel.com.uy\/index.php\/wp-json\/wp\/v2\/comments?post=4559"}],"wp:featuredmedia":[{"embeddable":true,"href":"https:\/\/www.appoloviracel.com.uy\/index.php\/wp-json\/wp\/v2\/media\/4560"}],"wp:attachment":[{"href":"https:\/\/www.appoloviracel.com.uy\/index.php\/wp-json\/wp\/v2\/media?parent=4559"}],"curies":[{"name":"wp","href":"https:\/\/api.w.org\/{rel}","templated":true}]}}