{"id":44665,"date":"2026-03-17T22:11:26","date_gmt":"2026-03-18T01:11:26","guid":{"rendered":"https:\/\/www.appoloviracel.com.uy\/?post_type=product&#038;p=44665"},"modified":"2026-03-17T22:11:27","modified_gmt":"2026-03-18T01:11:27","slug":"celular-honor-x6c-128gb-6gb","status":"publish","type":"product","link":"https:\/\/www.appoloviracel.com.uy\/index.php\/product\/celular-honor-x6c-128gb-6gb\/","title":{"rendered":"Celular Honor \u00abx6c\u00bb (128Gb-6Gb)"},"content":{"rendered":"<h2>Caracter\u00edsticas y especificaciones:<\/h2>\n<p>El <strong>Honor X6c<\/strong> cuenta con una pantalla HD+ de 6.61 pulgadas con tasa de refresco de 120Hz y est\u00e1 potenciado por un procesador Helio G81 Ultra acompa\u00f1ado de hasta de 6GB de RAM y 128GB de almacenamiento. Su c\u00e1mara dual tiene un sensor principal de 50MP y se alimenta de una bater\u00eda de 5.300 mAh de carga r\u00e1pida, completando sus caracter\u00edsticas con un lector de huellas lateral, resistencia al agua e impactos, y Android 15.<\/p>\n<ul>\n<li>Pantalla: 6.61&#8243;, 720 * 1604 pixeles<\/li>\n<li>Procesador: Mediatek Helio G81 Ultra 2GHz<\/li>\n<li>Memoria RAM: 6GB<\/li>\n<li>Almacenamiento: 128GB<\/li>\n<li>Expansi\u00f3n: microSD<\/li>\n<li>C\u00e1mara: Dual, 50MP+QVGA<\/li>\n<li>Bater\u00eda: 5.300 mAh<\/li>\n<li>OS: Android 15<\/li>\n<li>Perfil: 8.4 mm<\/li>\n<li>Peso: 199 grs.<\/li>\n<li>Se incluyen los siguientes accesorios: <strong>Cargador y Manual<\/strong><\/li>\n<li><strong>Garant\u00eda:<\/strong> 12 meses contra defecto de fabricaci\u00f3n<\/li>\n<\/ul>\n<p>&nbsp;<\/p>\n<h3><span style=\"color: #ff0000;\"><strong>Contado efectivo: 10% de Descuento<\/strong><\/span><\/h3>\n<h5><strong>*Las im\u00e1genes son a modo ilustrativo.<\/strong><\/h5>\n","protected":false},"excerpt":{"rendered":"<h3><span style=\"color: #339966;\"><strong>U$S 205<\/strong><\/span><\/h3>\n","protected":false},"featured_media":44666,"comment_status":"open","ping_status":"closed","template":"","meta":[],"_links":{"self":[{"href":"https:\/\/www.appoloviracel.com.uy\/index.php\/wp-json\/wp\/v2\/product\/44665"}],"collection":[{"href":"https:\/\/www.appoloviracel.com.uy\/index.php\/wp-json\/wp\/v2\/product"}],"about":[{"href":"https:\/\/www.appoloviracel.com.uy\/index.php\/wp-json\/wp\/v2\/types\/product"}],"replies":[{"embeddable":true,"href":"https:\/\/www.appoloviracel.com.uy\/index.php\/wp-json\/wp\/v2\/comments?post=44665"}],"wp:featuredmedia":[{"embeddable":true,"href":"https:\/\/www.appoloviracel.com.uy\/index.php\/wp-json\/wp\/v2\/media\/44666"}],"wp:attachment":[{"href":"https:\/\/www.appoloviracel.com.uy\/index.php\/wp-json\/wp\/v2\/media?parent=44665"}],"curies":[{"name":"wp","href":"https:\/\/api.w.org\/{rel}","templated":true}]}}