{"id":44632,"date":"2026-02-26T13:25:59","date_gmt":"2026-02-26T16:25:59","guid":{"rendered":"https:\/\/www.appoloviracel.com.uy\/?post_type=product&#038;p=44632"},"modified":"2026-02-26T13:25:59","modified_gmt":"2026-02-26T16:25:59","slug":"smartwatch-xiaomi-mibro-gt","status":"publish","type":"product","link":"https:\/\/www.appoloviracel.com.uy\/index.php\/product\/smartwatch-xiaomi-mibro-gt\/","title":{"rendered":"Smartwatch Xiaomi \u00abMibro GT\u00bb"},"content":{"rendered":"<h2>Caracter\u00edsticas y especificaciones:<\/h2>\n<p>El <strong>Xiaomi Mibro GT<\/strong> es un smartwatch vers\u00e1til que se posiciona dentro del ecosistema de Xiaomi como una opci\u00f3n de gama media con un fuerte enfoque en el deporte y la autonom\u00eda. Destaca por incluir <strong>GPS integrado<\/strong> y una bater\u00eda que ofrece hasta <strong>10 d\u00edas de duraci\u00f3n<\/strong> en uso t\u00edpico<\/p>\n<ul>\n<li>Funciones de Salud y Deporte: El Mibro GT est\u00e1 dise\u00f1ado para usuarios activos, ofreciendo un monitoreo constante a trav\u00e9s de sensores de alta precisi\u00f3n:<\/li>\n<li>Modos deportivos: Incluye m\u00e1s de 150 modos deportivos diferentes.<\/li>\n<li>Salud 24\/7: Monitoreo continuo de frecuencia card\u00edaca, SpO2 (ox\u00edgeno en sangre), calidad del sue\u00f1o, niveles de estr\u00e9s y seguimiento del ciclo femenino.<\/li>\n<li>Sensores: Incorpora sensores de 10 ejes para una mayor precisi\u00f3n en la medici\u00f3n de movimientos<\/li>\n<li>Pantalla: Panel t\u00e1ctil de tecnolog\u00eda IPS LCD.<\/li>\n<li>Bater\u00eda: Capacidad de 350 mAh, con una autonom\u00eda aproximada de 10 d\u00edas.<\/li>\n<li>Conectividad: Bluetooth y GPS integrado para el seguimiento de rutas sin necesidad del celular.<\/li>\n<li>Resistencia: Certificaci\u00f3n 5 ATM, lo que lo hace sumergible y apto para nataci\u00f3n.<\/li>\n<li>Memoria: Cuenta con 128 MB de memoria interna y 64 MB de RAM<\/li>\n<li>Garant\u00eda: 6 meses contra defecto de fabricaci\u00f3n<\/li>\n<\/ul>\n<h4><\/h4>\n<h4><span style=\"color: #ff0000;\"><strong>* La garant\u00eda no cubre falla que se pueda dar por un uso intensivo.<\/strong><\/span><\/h4>\n<h5><strong>\u00a0*Las im\u00e1genes son a modo ilustrativo.<\/strong><\/h5>\n","protected":false},"excerpt":{"rendered":"<h3><span style=\"color: #339966;\"><strong>$ 4.190\u00a0\u00a0<\/strong><\/span><\/h3>\n","protected":false},"featured_media":44633,"comment_status":"open","ping_status":"closed","template":"","meta":[],"_links":{"self":[{"href":"https:\/\/www.appoloviracel.com.uy\/index.php\/wp-json\/wp\/v2\/product\/44632"}],"collection":[{"href":"https:\/\/www.appoloviracel.com.uy\/index.php\/wp-json\/wp\/v2\/product"}],"about":[{"href":"https:\/\/www.appoloviracel.com.uy\/index.php\/wp-json\/wp\/v2\/types\/product"}],"replies":[{"embeddable":true,"href":"https:\/\/www.appoloviracel.com.uy\/index.php\/wp-json\/wp\/v2\/comments?post=44632"}],"wp:featuredmedia":[{"embeddable":true,"href":"https:\/\/www.appoloviracel.com.uy\/index.php\/wp-json\/wp\/v2\/media\/44633"}],"wp:attachment":[{"href":"https:\/\/www.appoloviracel.com.uy\/index.php\/wp-json\/wp\/v2\/media?parent=44632"}],"curies":[{"name":"wp","href":"https:\/\/api.w.org\/{rel}","templated":true}]}}