{"id":44606,"date":"2026-02-18T14:14:12","date_gmt":"2026-02-18T17:14:12","guid":{"rendered":"https:\/\/www.appoloviracel.com.uy\/?post_type=product&#038;p=44606"},"modified":"2026-02-18T14:16:26","modified_gmt":"2026-02-18T17:16:26","slug":"celular-xiaomi-redmi-note-15pro-5g-256gb-8gb","status":"publish","type":"product","link":"https:\/\/www.appoloviracel.com.uy\/index.php\/product\/celular-xiaomi-redmi-note-15pro-5g-256gb-8gb\/","title":{"rendered":"Celular Xiaomi \u00abRedmi Note15Pro+\u00bb 5G (256Gb-8Gb)"},"content":{"rendered":"<h2>Caracter\u00edsticas y especificaciones:<strong>\u00a0<\/strong><\/h2>\n<h4><strong>Apto para LTE de todas las compa\u00f1\u00edas.<\/strong><\/h4>\n<p>El <strong>Xiaomi Redmi Note 15 Pro+ 5G<\/strong> debuta con una pantalla AMOLED de 6.83 pulgadas con tasa de refresco de 120Hz y potenciado por un procesador Snapdragon 7s Gen 4 acompa\u00f1ado de hasta 8GB de RAM y 256GB de almacenamiento. Alimentado por una bater\u00eda de 6.500 mAh de carga r\u00e1pida, el Redmi Note 15 Pro Plus cuenta con una c\u00e1mara dual de 200MP, parlantes est\u00e9reo, lector de huellas bajo pantalla, y es resistente al polvo, agua y ca\u00eddas.<\/p>\n<ul>\n<li>Pantalla: 6.83&#8243;, 1280 * 2772 pixeles<\/li>\n<li>Procesador: Snapdragon 7s Gen 4 2.7GHz<\/li>\n<li>Memoria RAM: 8GB<\/li>\n<li>Almacenamiento: 256GB<\/li>\n<li>Expansi\u00f3n: sin microSD<\/li>\n<li>C\u00e1mara: Dual, 200MP+8MP<\/li>\n<li>Bater\u00eda: 6.500 mAh<\/li>\n<li>OS: Android 15<\/li>\n<li>Perfil: 8.2 mm<\/li>\n<li>Peso: 207 grs.<\/li>\n<li>Se incluyen los siguientes accesorios: <strong>Cargador y Manual <\/strong><\/li>\n<li><strong>Garant\u00eda:<\/strong> 12 meses contra defecto de fabricaci\u00f3n<\/li>\n<\/ul>\n<h4><span style=\"color: #000000;\"><strong>\u00a0<\/strong><\/span><\/h4>\n<h4><span style=\"color: #ff0000;\"><strong>Contado efectivo: 10% de Descuento<\/strong><\/span><\/h4>\n<h5><strong>*Las im\u00e1genes son a modo ilustrativo.<\/strong><\/h5>\n","protected":false},"excerpt":{"rendered":"<h3><strong><span style=\"font-family: 'Cambria','serif'; color: #339966;\">U$S 575<\/span><\/strong><\/h3>\n","protected":false},"featured_media":44607,"comment_status":"open","ping_status":"closed","template":"","meta":[],"_links":{"self":[{"href":"https:\/\/www.appoloviracel.com.uy\/index.php\/wp-json\/wp\/v2\/product\/44606"}],"collection":[{"href":"https:\/\/www.appoloviracel.com.uy\/index.php\/wp-json\/wp\/v2\/product"}],"about":[{"href":"https:\/\/www.appoloviracel.com.uy\/index.php\/wp-json\/wp\/v2\/types\/product"}],"replies":[{"embeddable":true,"href":"https:\/\/www.appoloviracel.com.uy\/index.php\/wp-json\/wp\/v2\/comments?post=44606"}],"wp:featuredmedia":[{"embeddable":true,"href":"https:\/\/www.appoloviracel.com.uy\/index.php\/wp-json\/wp\/v2\/media\/44607"}],"wp:attachment":[{"href":"https:\/\/www.appoloviracel.com.uy\/index.php\/wp-json\/wp\/v2\/media?parent=44606"}],"curies":[{"name":"wp","href":"https:\/\/api.w.org\/{rel}","templated":true}]}}