{"id":44538,"date":"2026-01-16T21:59:33","date_gmt":"2026-01-17T00:59:33","guid":{"rendered":"https:\/\/www.appoloviracel.com.uy\/?post_type=product&#038;p=44538"},"modified":"2026-02-27T15:56:19","modified_gmt":"2026-02-27T18:56:19","slug":"celular-zte-blade-v70-max-256gb-410-gb","status":"publish","type":"product","link":"https:\/\/www.appoloviracel.com.uy\/index.php\/product\/celular-zte-blade-v70-max-256gb-410-gb\/","title":{"rendered":"Celular ZTE \u00abBlade V70 Max\u00bb (256Gb, 4+10 Gb)"},"content":{"rendered":"<h2>Caracter\u00edsticas y especificaciones:<\/h2>\n<p>El <strong>ZTE Blade V70 Max<\/strong> cuenta con una pantalla HD+ de 6.9 pulgadas, procesador Unisoc T606 con hasta 14GB de RAM y 128GB de almacenamiento, c\u00e1mara triple con sensor principal de 50MP, bater\u00eda de 6000 mAh con soporte para carga r\u00e1pida, lector de huellas y corre Android 15.<\/p>\n<ul>\n<li>Pantalla: 6.9&#8243;, 720 * 1600 pixeles<\/li>\n<li>Procesador: Unisoc T606 1.6GHz<\/li>\n<li>Memoria RAM: 4 GB + 10 GB<\/li>\n<li>Almacenamiento: 128GB<\/li>\n<li>Expansi\u00f3n: microSD<\/li>\n<li>C\u00e1mara: Triple, 50MP+2MP+Aux<\/li>\n<li>Bater\u00eda: 6.000 mAh<\/li>\n<li>OS: Android 15<\/li>\n<li>Se incluyen los siguientes accesorios: <strong>Cargador y Manual<\/strong><\/li>\n<li><strong>Garant\u00eda:<\/strong> 12 meses contra defecto de fabricaci\u00f3n<\/li>\n<\/ul>\n<p>&nbsp;<\/p>\n<h4><span style=\"color: #ff0000;\"><strong>Contado efectivo: 10% de Descuento<\/strong><\/span><\/h4>\n<h5><strong>*Las im\u00e1genes son a modo ilustrativo.<\/strong><\/h5>\n","protected":false},"excerpt":{"rendered":"<h3><span style=\"color: #339966;\"><strong>U$S 165<\/strong><\/span><\/h3>\n","protected":false},"featured_media":44539,"comment_status":"open","ping_status":"closed","template":"","meta":[],"_links":{"self":[{"href":"https:\/\/www.appoloviracel.com.uy\/index.php\/wp-json\/wp\/v2\/product\/44538"}],"collection":[{"href":"https:\/\/www.appoloviracel.com.uy\/index.php\/wp-json\/wp\/v2\/product"}],"about":[{"href":"https:\/\/www.appoloviracel.com.uy\/index.php\/wp-json\/wp\/v2\/types\/product"}],"replies":[{"embeddable":true,"href":"https:\/\/www.appoloviracel.com.uy\/index.php\/wp-json\/wp\/v2\/comments?post=44538"}],"wp:featuredmedia":[{"embeddable":true,"href":"https:\/\/www.appoloviracel.com.uy\/index.php\/wp-json\/wp\/v2\/media\/44539"}],"wp:attachment":[{"href":"https:\/\/www.appoloviracel.com.uy\/index.php\/wp-json\/wp\/v2\/media?parent=44538"}],"curies":[{"name":"wp","href":"https:\/\/api.w.org\/{rel}","templated":true}]}}