{"id":44500,"date":"2025-12-22T10:46:31","date_gmt":"2025-12-22T13:46:31","guid":{"rendered":"https:\/\/www.appoloviracel.com.uy\/?post_type=product&#038;p=44500"},"modified":"2026-02-18T14:26:54","modified_gmt":"2026-02-18T17:26:54","slug":"auricular-jbl-quantum-100-m2-gaming-vincha","status":"publish","type":"product","link":"https:\/\/www.appoloviracel.com.uy\/index.php\/product\/auricular-jbl-quantum-100-m2-gaming-vincha\/","title":{"rendered":"Auricular JBL \u00abQuantum 100 M2\u00bb (Gaming-Vincha)"},"content":{"rendered":"<h2>Caracter\u00edsticas y especificaciones:<\/h2>\n<p>Convierta el juego en una aventura \u00e9pica. Con el nuevo est\u00e1ndar JBL Quantum SOUND Signature, los auriculares JBL Quantum 100 le sit\u00faan en el centro de la acci\u00f3n. Un sonido inmersivo y preciso que le permite apreciar todos los matices y sentir todas las explosiones, un micr\u00f3fono vocal extra\u00edble, y comodidad y ligereza gracias a las almohadillas de espuma viscoel\u00e1stica. El micr\u00f3fono de asta desmontable le permite interactuar con varios jugadores y las almohadillas de espuma viscoel\u00e1stica proporcionan un \u00f3ptimo confort durante horas. Juegue partidas inolvidables con los auriculares JBL Quantum 100.<\/p>\n<ul>\n<li>Respuesta de frecuencia 20 Hz &#8211; 20 kHz<\/li>\n<li>Entrada de potencia m\u00e1xima:\u00a020\u00a0mW S\u00ed<\/li>\n<li>Sensibilidad 96\u00a0dB SPL a 1\u00a0kHz\/1 mW<\/li>\n<li>Impedancia:\u00a032\u00a0ohmios S\u00ed<\/li>\n<li>Respuesta de frecuencia del micr\u00f3fono: 100 Hz &#8211; 10 kHz<\/li>\n<li>Sensibilidad del micr\u00f3fono: -42 dBV a 1\u00a0kHz dB\/Pa<\/li>\n<li>Tipo de micr\u00f3fono: Asta desmontable<\/li>\n<li>Patr\u00f3n de captaci\u00f3n del micr\u00f3fono: Direccional<\/li>\n<li>Tama\u00f1o del driver din\u00e1mico: de 40 mm<\/li>\n<li>Longitud de cable: 1,2\u00a0m<\/li>\n<li>Peso: 220\u00a0grs.<\/li>\n<\/ul>\n<p>&nbsp;<\/p>\n<h5><strong>*Las im\u00e1genes son a modo ilustrativo.<\/strong><\/h5>\n","protected":false},"excerpt":{"rendered":"<h3><span style=\"color: #339966;\"><strong>$ 2.090<\/strong><\/span><\/h3>\n","protected":false},"featured_media":44501,"comment_status":"open","ping_status":"closed","template":"","meta":[],"_links":{"self":[{"href":"https:\/\/www.appoloviracel.com.uy\/index.php\/wp-json\/wp\/v2\/product\/44500"}],"collection":[{"href":"https:\/\/www.appoloviracel.com.uy\/index.php\/wp-json\/wp\/v2\/product"}],"about":[{"href":"https:\/\/www.appoloviracel.com.uy\/index.php\/wp-json\/wp\/v2\/types\/product"}],"replies":[{"embeddable":true,"href":"https:\/\/www.appoloviracel.com.uy\/index.php\/wp-json\/wp\/v2\/comments?post=44500"}],"wp:featuredmedia":[{"embeddable":true,"href":"https:\/\/www.appoloviracel.com.uy\/index.php\/wp-json\/wp\/v2\/media\/44501"}],"wp:attachment":[{"href":"https:\/\/www.appoloviracel.com.uy\/index.php\/wp-json\/wp\/v2\/media?parent=44500"}],"curies":[{"name":"wp","href":"https:\/\/api.w.org\/{rel}","templated":true}]}}