{"id":44496,"date":"2025-12-19T14:50:53","date_gmt":"2025-12-19T17:50:53","guid":{"rendered":"https:\/\/www.appoloviracel.com.uy\/?post_type=product&#038;p=44496"},"modified":"2026-02-18T14:26:15","modified_gmt":"2026-02-18T17:26:15","slug":"game-console-lizzard-xzz-vg-02-pantalla-3-0-pulgadas","status":"publish","type":"product","link":"https:\/\/www.appoloviracel.com.uy\/index.php\/product\/game-console-lizzard-xzz-vg-02-pantalla-3-0-pulgadas\/","title":{"rendered":"Game Console Lizzard \u00abXZZ-VG-02\u00bb pantalla 3.0 pulgadas"},"content":{"rendered":"<h2>Caracter\u00edsticas y especificaciones:<\/h2>\n<p>La Lizzard Consola xzz-vg-02 es la opci\u00f3n ideal para los amantes de los videojuegos que buscan una experiencia port\u00e1til sin compromisos. Con su dise\u00f1o compacto y ligero, esta consola permite disfrutar de tus juegos favoritos en cualquier lugar, brindando comodidad y diversi\u00f3n en cada partida. Su capacidad de bater\u00eda de 800 mAh asegura largas horas de entretenimiento, permiti\u00e9ndote sumergirte en tus aventuras sin interrupciones. Aunque no cuenta con conectividad Wi-Fi, la Lizzard xzz-vg-02 se destaca por su facilidad de uso y su compatibilidad con una variedad de juegos. Incluye todos los cables necesarios para que puedas comenzar a jugar de inmediato. Su dise\u00f1o ergon\u00f3mico y su pantalla de alta calidad garantizan una experiencia visual envolvente, perfecta para largas sesiones de juego. Ideal para jugadores casuales y entusiastas por igual, esta consola port\u00e1til es perfecta para quienes buscan una forma accesible de disfrutar de los videojuegos. La Lizzard Consola xzz-vg-02 es una excelente opci\u00f3n para regalar o para a\u00f1adir a tu colecci\u00f3n personal.<\/p>\n<ul>\n<li>Consola Retro Port\u00e1til<\/li>\n<li>7 Emuladores: FC\/PCE\/SFC\/MD\/GB\/GBC\/GBA<\/li>\n<li>Funci\u00f3n: Save &amp;Load<\/li>\n<li>Multilenguaje<\/li>\n<li>Pantalla: 3.0\u201d 640*480<\/li>\n<li>M\u00e1s de 6.000 juegos<\/li>\n<li>Modo TV, salida AV<\/li>\n<li>Carga: Tipo C<\/li>\n<li>Bater\u00eda: 800 mAh<\/li>\n<\/ul>\n<h5><strong>\u00a0<\/strong><\/h5>\n<h5><strong>*Las im\u00e1genes son a modo ilustrativo.<\/strong><\/h5>\n","protected":false},"excerpt":{"rendered":"<h3><span style=\"color: #339966;\"><strong>$ 1.450 \u00a0<\/strong><\/span><\/h3>\n","protected":false},"featured_media":44497,"comment_status":"open","ping_status":"closed","template":"","meta":[],"_links":{"self":[{"href":"https:\/\/www.appoloviracel.com.uy\/index.php\/wp-json\/wp\/v2\/product\/44496"}],"collection":[{"href":"https:\/\/www.appoloviracel.com.uy\/index.php\/wp-json\/wp\/v2\/product"}],"about":[{"href":"https:\/\/www.appoloviracel.com.uy\/index.php\/wp-json\/wp\/v2\/types\/product"}],"replies":[{"embeddable":true,"href":"https:\/\/www.appoloviracel.com.uy\/index.php\/wp-json\/wp\/v2\/comments?post=44496"}],"wp:featuredmedia":[{"embeddable":true,"href":"https:\/\/www.appoloviracel.com.uy\/index.php\/wp-json\/wp\/v2\/media\/44497"}],"wp:attachment":[{"href":"https:\/\/www.appoloviracel.com.uy\/index.php\/wp-json\/wp\/v2\/media?parent=44496"}],"curies":[{"name":"wp","href":"https:\/\/api.w.org\/{rel}","templated":true}]}}