{"id":4449,"date":"2021-03-09T23:25:42","date_gmt":"2021-03-10T02:25:42","guid":{"rendered":"https:\/\/www.appoloviracel.com.uy\/?post_type=product&#038;p=4449"},"modified":"2021-04-15T20:10:24","modified_gmt":"2021-04-15T23:10:24","slug":"pendrive-kingston-128-gb","status":"publish","type":"product","link":"https:\/\/www.appoloviracel.com.uy\/index.php\/product\/pendrive-kingston-128-gb\/","title":{"rendered":"Pendrive \u00abKingston\u00bb 128Gb"},"content":{"rendered":"<h4>Caracter\u00edsticas y especificaciones:<\/h4>\n<p>La unidad DataTraveler\u00ae 100 Generation 3 de Kingston (DT100G3) cumple las especificaciones USB 3.0, lo cual hace que la transici\u00f3n al almacenamiento port\u00e1til de pr\u00f3xima generaci\u00f3n sea r\u00e1pida, f\u00e1cil y econ\u00f3mica. El almacenamiento DT100G3 es retrocompatible con USB 2.0 y es capaz de transferir archivos digitales, m\u00fasica y v\u00eddeo m\u00e1s r\u00e1pido que nunca. La unidad DT100G3, con su dise\u00f1o elegante en dos matices de negro y su tapa deslizante, es ideal para el uso cotidiano en el trabajo, el hogar o la escuela. Disponible en capacidades de 8GB a 128GB, la unidad DT100G3 est\u00e1 respaldada por cincoa\u00f1os de garant\u00eda, soporte t\u00e9cnico gratuito y la legendaria fiabilidad de Kingston\u00ae.<\/p>\n<p>Peso y dimensiones<br \/>\nAltura 21,2 mm<br \/>\nAncho 60 mm<br \/>\nProfundidad 10 mm<\/p>\n<p>Memoria<br \/>\nCapacidad128 GB<br \/>\nVelocidad de lectura 100 MB\/s<br \/>\nVelocidad de escritura 10 MB\/s<\/p>\n<p>Condiciones ambientales<br \/>\nIntervalo de temperatura de almacenaje -20 &#8211; 85 \u00b0C<br \/>\nIntervalo de temperatura operativa 0 &#8211; 60 \u00b0C<br \/>\nTipo de embalaje Ampolla<\/p>\n<p>Color<br \/>\nColor del producto Negro<\/p>\n<p>Dise\u00f1o<br \/>\nFactor de forma Tapa<\/p>\n<h5><strong>*Las im\u00e1genes son a modo ilustrativo.<\/strong><\/h5>\n","protected":false},"excerpt":{"rendered":"<h3><span style=\"color: #ff0000;\"><strong>*Consultar precio<\/strong><\/span><\/h3>\n<h5><strong>\u00abArt\u00edculo sujeto a stock\u00bb<\/strong><\/h5>\n<h3><span style=\"color: #339966;\"><strong>\u00a0<\/strong><\/span><\/h3>\n","protected":false},"featured_media":4450,"comment_status":"open","ping_status":"closed","template":"","meta":[],"_links":{"self":[{"href":"https:\/\/www.appoloviracel.com.uy\/index.php\/wp-json\/wp\/v2\/product\/4449"}],"collection":[{"href":"https:\/\/www.appoloviracel.com.uy\/index.php\/wp-json\/wp\/v2\/product"}],"about":[{"href":"https:\/\/www.appoloviracel.com.uy\/index.php\/wp-json\/wp\/v2\/types\/product"}],"replies":[{"embeddable":true,"href":"https:\/\/www.appoloviracel.com.uy\/index.php\/wp-json\/wp\/v2\/comments?post=4449"}],"wp:featuredmedia":[{"embeddable":true,"href":"https:\/\/www.appoloviracel.com.uy\/index.php\/wp-json\/wp\/v2\/media\/4450"}],"wp:attachment":[{"href":"https:\/\/www.appoloviracel.com.uy\/index.php\/wp-json\/wp\/v2\/media?parent=4449"}],"curies":[{"name":"wp","href":"https:\/\/api.w.org\/{rel}","templated":true}]}}