{"id":44325,"date":"2025-11-10T17:47:22","date_gmt":"2025-11-10T20:47:22","guid":{"rendered":"https:\/\/www.appoloviracel.com.uy\/?post_type=product&#038;p=44325"},"modified":"2026-04-10T11:16:03","modified_gmt":"2026-04-10T14:16:03","slug":"celular-samsung-galaxy-a56-5g-256gb-12gb","status":"publish","type":"product","link":"https:\/\/www.appoloviracel.com.uy\/index.php\/product\/celular-samsung-galaxy-a56-5g-256gb-12gb\/","title":{"rendered":"Celular Samsung \u00abGalaxy A56\u00bb 5G (256Gb-12Gb)"},"content":{"rendered":"<h2>Caracter\u00edsticas y especificaciones:<\/h2>\n<p>El <strong>Samsung Galaxy A56 5G<\/strong> cuenta con una pantalla AMOLED de 6.7 pulgadas y est\u00e1 potenciado por un procesador Exynos 1580 con hasta 12GB de RAM y 256GB de almacenamiento interno. Su c\u00e1mara triple tiene un sensor de 50MP con OIS y se alimenta de una bater\u00eda de 5.000 mAh de carga r\u00e1pida, completando sus caracter\u00edsticas con resistencia al agua, parlantes est\u00e9reo, lector de huellas bajo la pantalla y Android 15.<\/p>\n<ul>\n<li>Pantalla: 6.7&#8243;, 1080 * 2340 pixeles<\/li>\n<li>Procesador: Exynos 1580 2.9GHz<\/li>\n<li>Memoria RAM: 12GB<\/li>\n<li>Almacenamiento: 256GB<\/li>\n<li>Expansi\u00f3n: sin microSD<\/li>\n<li>C\u00e1mara: Triple, 50MP+12MP +5MP<\/li>\n<li>Bater\u00eda: 5.000 mAh<\/li>\n<li>OS: Android 15<\/li>\n<li>Perfil: 7.4 mm<\/li>\n<li>Peso: 198 grs.<\/li>\n<li>Se incluyen los siguientes accesorios: <strong>Cargador y Manual<\/strong><\/li>\n<li><strong>Garant\u00eda:<\/strong> 12 meses contra defecto de fabricaci\u00f3n<\/li>\n<\/ul>\n<p><strong>\u00a0<\/strong><\/p>\n<h4><span style=\"color: #ff0000;\"><strong>Contado efectivo: 10% de Descuento<\/strong><\/span><\/h4>\n<h5><strong>*Las im\u00e1genes son a modo ilustrativo.<\/strong><\/h5>\n","protected":false},"excerpt":{"rendered":"<h3><span style=\"color: #339966;\"><strong>U$S 535<\/strong><\/span><\/h3>\n<p>&nbsp;<\/p>\n","protected":false},"featured_media":44326,"comment_status":"open","ping_status":"closed","template":"","meta":[],"_links":{"self":[{"href":"https:\/\/www.appoloviracel.com.uy\/index.php\/wp-json\/wp\/v2\/product\/44325"}],"collection":[{"href":"https:\/\/www.appoloviracel.com.uy\/index.php\/wp-json\/wp\/v2\/product"}],"about":[{"href":"https:\/\/www.appoloviracel.com.uy\/index.php\/wp-json\/wp\/v2\/types\/product"}],"replies":[{"embeddable":true,"href":"https:\/\/www.appoloviracel.com.uy\/index.php\/wp-json\/wp\/v2\/comments?post=44325"}],"wp:featuredmedia":[{"embeddable":true,"href":"https:\/\/www.appoloviracel.com.uy\/index.php\/wp-json\/wp\/v2\/media\/44326"}],"wp:attachment":[{"href":"https:\/\/www.appoloviracel.com.uy\/index.php\/wp-json\/wp\/v2\/media?parent=44325"}],"curies":[{"name":"wp","href":"https:\/\/api.w.org\/{rel}","templated":true}]}}