{"id":44312,"date":"2025-11-06T18:36:09","date_gmt":"2025-11-06T21:36:09","guid":{"rendered":"https:\/\/www.appoloviracel.com.uy\/?post_type=product&#038;p=44312"},"modified":"2025-11-21T15:02:28","modified_gmt":"2025-11-21T18:02:28","slug":"parlante-qcy-sp2-bluetooth","status":"publish","type":"product","link":"https:\/\/www.appoloviracel.com.uy\/index.php\/product\/parlante-qcy-sp2-bluetooth\/","title":{"rendered":"Parlante QCY \u00abSP2\u00bb (Bluetooth)"},"content":{"rendered":"<h2>Caracter\u00edsticas y especificaciones:<\/h2>\n<p>Parlante QCY BH25SP2A ofrece sonido claro con 89 dB y conexi\u00f3n Bluetooth 5.3 para una experiencia inal\u00e1mbrica estable. Con controles integrados, bater\u00eda de larga duraci\u00f3n y certificaci\u00f3n IP67, es ideal para llevar m\u00fasica a cualquier lugar. Compacto, potente y compatible con app para mayor control.<\/p>\n<ul>\n<li>Modelo: BH25SP2A<\/li>\n<li>Chipset: Jieli JL6965E Bluetooth 5.3<\/li>\n<li>Perfil: HFP\/A2DP\/AVRCP\/AVDTP\/AVRCP\/RFCOMM\/PNP\/SPP<\/li>\n<li>Entrada de audio: Bluetooth, tarjeta TF<\/li>\n<li>Alcance de comunicaci\u00f3n: 10 m<\/li>\n<li>Respuesta de frecuencia: 90 Hz-20 kHz<\/li>\n<li>Duraci\u00f3n de la bater\u00eda: 17 h (con luz apagada), 14 h (con luz encendida)<\/li>\n<li>Capacidad de la bater\u00eda: 1000 mAh<\/li>\n<li>Potencia de salida: 5 W<\/li>\n<li>Controlador: Unidad de cuatro controladores<\/li>\n<li>Tiempo de carga: 2,5 h<\/li>\n<li>C\u00f3dec: SBC, AAC<\/li>\n<li>Resistencia al agua: IP67<\/li>\n<li>Sonido potente con graves potentes Reproducci\u00f3n inal\u00e1mbrica\/TF para coche Luz ambiental RGB (modo 24 luces) Ultraligero (187 g)<\/li>\n<\/ul>\n<p>&nbsp;<\/p>\n<h5><strong>*Las im\u00e1genes son a modo ilustrativo<\/strong><\/h5>\n","protected":false},"excerpt":{"rendered":"<h3><strong><span style=\"font-family: 'Cambria','serif'; color: #339966;\">$ 990<\/span><\/strong><\/h3>\n","protected":false},"featured_media":44313,"comment_status":"open","ping_status":"closed","template":"","meta":[],"_links":{"self":[{"href":"https:\/\/www.appoloviracel.com.uy\/index.php\/wp-json\/wp\/v2\/product\/44312"}],"collection":[{"href":"https:\/\/www.appoloviracel.com.uy\/index.php\/wp-json\/wp\/v2\/product"}],"about":[{"href":"https:\/\/www.appoloviracel.com.uy\/index.php\/wp-json\/wp\/v2\/types\/product"}],"replies":[{"embeddable":true,"href":"https:\/\/www.appoloviracel.com.uy\/index.php\/wp-json\/wp\/v2\/comments?post=44312"}],"wp:featuredmedia":[{"embeddable":true,"href":"https:\/\/www.appoloviracel.com.uy\/index.php\/wp-json\/wp\/v2\/media\/44313"}],"wp:attachment":[{"href":"https:\/\/www.appoloviracel.com.uy\/index.php\/wp-json\/wp\/v2\/media?parent=44312"}],"curies":[{"name":"wp","href":"https:\/\/api.w.org\/{rel}","templated":true}]}}