{"id":44142,"date":"2025-08-11T20:45:40","date_gmt":"2025-08-11T23:45:40","guid":{"rendered":"https:\/\/www.appoloviracel.com.uy\/?post_type=product&#038;p=44142"},"modified":"2025-10-02T23:09:42","modified_gmt":"2025-10-03T02:09:42","slug":"celular-samsung-galaxy-a16-4g-256gb-8gb","status":"publish","type":"product","link":"https:\/\/www.appoloviracel.com.uy\/index.php\/product\/celular-samsung-galaxy-a16-4g-256gb-8gb\/","title":{"rendered":"Celular Samsung \u00abGalaxy A16\u00bb 4G (256Gb-8Gb)"},"content":{"rendered":"<h2><strong>Caracter\u00edsticas y especificaciones<\/strong><\/h2>\n<p>El <strong>Samsung Galaxy A16<\/strong> &lt; <strong>4G &gt;<\/strong> es la variante del smartphone sin conectividad 5G con un procesador MediaTek Helio G99 y manteniendo el resto de las caracter\u00edsticas que incluyen una pantalla FHD+ de 6.7 pulgadas a 90Hz, c\u00e1mara triple de 50MP, bater\u00eda de 5.000 mAh con soporte para carga r\u00e1pida, lector de huellas lateral y resistencia a salpicaduras.<\/p>\n<ul>\n<li>Bandas 4G LTE: 1, 2, 3, 4, 5, 7, 8, 12, 17, 20, 28, 38, 40, 41, 66 (Este modelo no es compatible con 5G)<\/li>\n<li>Pantalla: 6.7&#8243;, 1080 * 2340 pixels<\/li>\n<li>Procesador: Mediatek Helio G99 2.2GHz<\/li>\n<li>Memoria RAM: 8GB<\/li>\n<li>Almacenamiento: 256GB<\/li>\n<li>Expansi\u00f3n: microSD<\/li>\n<li>C\u00e1mara: Triple, 50MP+5MP +2MP; 50 MP, f\/1.8, (ancho), AF; 5 MP, f\/2.2, (ultraancho); 2 MP, f\/2.4, (macro)<\/li>\n<li>OS: Android 14<\/li>\n<li>Perfil \u00a0 7.9 mm<\/li>\n<li>Peso \u00a0\u00a0 200 grs<\/li>\n<li>Bater\u00eda: 5.000 mAh, no extra\u00edble; Carga con cable de 25 W<\/li>\n<li><strong>S<\/strong>e incluyen los siguientes accesorios: <strong>Cargador y Manual<\/strong><\/li>\n<li><strong>Garant\u00eda:<\/strong> 12 meses contra defecto de fabricaci\u00f3n<\/li>\n<\/ul>\n<h4><strong>\u00a0<\/strong><\/h4>\n<h4><span style=\"color: #ff0000;\"><strong>Contado efectivo: 10% de Descuento<\/strong><\/span><\/h4>\n<h5><strong>*Las im\u00e1genes son a modo ilustrativo.<\/strong><\/h5>\n","protected":false},"excerpt":{"rendered":"<h3><span style=\"color: #339966;\"><strong>U$S 255<\/strong><\/span><\/h3>\n","protected":false},"featured_media":43662,"comment_status":"open","ping_status":"closed","template":"","meta":[],"_links":{"self":[{"href":"https:\/\/www.appoloviracel.com.uy\/index.php\/wp-json\/wp\/v2\/product\/44142"}],"collection":[{"href":"https:\/\/www.appoloviracel.com.uy\/index.php\/wp-json\/wp\/v2\/product"}],"about":[{"href":"https:\/\/www.appoloviracel.com.uy\/index.php\/wp-json\/wp\/v2\/types\/product"}],"replies":[{"embeddable":true,"href":"https:\/\/www.appoloviracel.com.uy\/index.php\/wp-json\/wp\/v2\/comments?post=44142"}],"wp:featuredmedia":[{"embeddable":true,"href":"https:\/\/www.appoloviracel.com.uy\/index.php\/wp-json\/wp\/v2\/media\/43662"}],"wp:attachment":[{"href":"https:\/\/www.appoloviracel.com.uy\/index.php\/wp-json\/wp\/v2\/media?parent=44142"}],"curies":[{"name":"wp","href":"https:\/\/api.w.org\/{rel}","templated":true}]}}