{"id":44117,"date":"2025-08-04T18:51:00","date_gmt":"2025-08-04T21:51:00","guid":{"rendered":"https:\/\/www.appoloviracel.com.uy\/?post_type=product&#038;p=44117"},"modified":"2025-09-26T22:16:08","modified_gmt":"2025-09-27T01:16:08","slug":"auricular-mibro-open-ear-xpej012-bluetooth","status":"publish","type":"product","link":"https:\/\/www.appoloviracel.com.uy\/index.php\/product\/auricular-mibro-open-ear-xpej012-bluetooth\/","title":{"rendered":"Auricular Mibro \u00abOpen Ear XPEJ012\u00bb (Bluetooth)"},"content":{"rendered":"<h2><strong>Caracter\u00edsticas y especificaciones:<\/strong><\/h2>\n<ul>\n<li>Marca: Mibro<\/li>\n<li>Tipo de conexi\u00f3n: Bluetooth<\/li>\n<li>Nombre del modelo: Open Ear XPEJ012<\/li>\n<li>Tama\u00f1o: \u00a049 * 32 * 13,6 mm<\/li>\n<li>Tama\u00f1o de la caja: \u00a061,6 * 75 * 25,6 mm<\/li>\n<li>Peso:\u00a0 7,7 g\/auricular<\/li>\n<li>Peso de la caja: Aproximadamente 36 grs<\/li>\n<li>Material: PC, gel de s\u00edlice<\/li>\n<li>Tiempo de reproducci\u00f3n de m\u00fasica: M\u00e1ximo 3,5 horas con un solo o\u00eddo (volumen al 50%)<\/li>\n<li>Tiempo de llamadas Bluetooth: M\u00e1ximo 3,5 horas con un solo o\u00eddo (ENC activado, volumen al 60%)<\/li>\n<li>Tiempo en espera: M\u00e1s de 40 horas (conectado, en espera)<\/li>\n<li>Puerto de carga: USB-C<\/li>\n<li>Bluetooth: V5.4<\/li>\n<li>Compatibilidad: Dispositivos Bluetooth con versiones superiores a Android 5.0 e iOS 10. (Se pueden conectar dos dispositivos simult\u00e1neamente y cambiar de fuente de sonido libremente).<\/li>\n<li>Impermeable: IPX4<\/li>\n<li>Temperatura de funcionamiento: De -5 a +60 \u00b0C<\/li>\n<li>Temperatura de almacenamiento: -20 a 60 \u00b0C<\/li>\n<\/ul>\n<p><strong>\u00a0<\/strong><\/p>\n<h5><strong>*Las im\u00e1genes son a modo ilustrativo.<\/strong><\/h5>\n","protected":false},"excerpt":{"rendered":"<h3><span style=\"color: #339966;\"><strong>$ 1.950<\/strong><\/span><\/h3>\n","protected":false},"featured_media":44118,"comment_status":"open","ping_status":"closed","template":"","meta":[],"_links":{"self":[{"href":"https:\/\/www.appoloviracel.com.uy\/index.php\/wp-json\/wp\/v2\/product\/44117"}],"collection":[{"href":"https:\/\/www.appoloviracel.com.uy\/index.php\/wp-json\/wp\/v2\/product"}],"about":[{"href":"https:\/\/www.appoloviracel.com.uy\/index.php\/wp-json\/wp\/v2\/types\/product"}],"replies":[{"embeddable":true,"href":"https:\/\/www.appoloviracel.com.uy\/index.php\/wp-json\/wp\/v2\/comments?post=44117"}],"wp:featuredmedia":[{"embeddable":true,"href":"https:\/\/www.appoloviracel.com.uy\/index.php\/wp-json\/wp\/v2\/media\/44118"}],"wp:attachment":[{"href":"https:\/\/www.appoloviracel.com.uy\/index.php\/wp-json\/wp\/v2\/media?parent=44117"}],"curies":[{"name":"wp","href":"https:\/\/api.w.org\/{rel}","templated":true}]}}