{"id":44103,"date":"2025-07-31T19:26:28","date_gmt":"2025-07-31T22:26:28","guid":{"rendered":"https:\/\/www.appoloviracel.com.uy\/?post_type=product&#038;p=44103"},"modified":"2025-11-05T19:35:44","modified_gmt":"2025-11-05T22:35:44","slug":"celular-xiaomi-poco-m7-pro-5g-512gb-12gb","status":"publish","type":"product","link":"https:\/\/www.appoloviracel.com.uy\/index.php\/product\/celular-xiaomi-poco-m7-pro-5g-512gb-12gb\/","title":{"rendered":"Celular Xiaomi \u00abPoco M7Pro\u00bb 5G (512Gb-12Gb)"},"content":{"rendered":"<h2>Caracter\u00edsticas y especificaciones:<\/h2>\n<p>El <strong>Xiaomi Poco M7 Pro 5G<\/strong> llega este a\u00f1o con una pantalla AMOLED de 6.67 pulgadas con tasa de refresco de 120Hz y potenciado por un procesador MediaTek Dimensity 7025 Ultra con hasta 12GB de RAM y 512GB de almacenamiento interno. El Poco M7 Pro 5G tiene una c\u00e1mara dual de 50MP, parlantes est\u00e9reo, lector de huellas bajo pantalla, resistencia al agua y una bater\u00eda de 5.110 mAh de carga r\u00e1pida.<\/p>\n<ul>\n<li>Pantalla: 6.67&#8243;, 1080 * 2400 pixeles<\/li>\n<li>Procesador: MediaTek Dimensity 7025 Ultra 2.5GHz<\/li>\n<li>Memoria RAM: 12GB<\/li>\n<li>Almacenamiento: 512GB<\/li>\n<li>Expansi\u00f3n: microSD<\/li>\n<li>C\u00e1mara: Dual, 50MP+2MP<\/li>\n<li>Bater\u00eda: 5.110 mAh<\/li>\n<li>OS: Android 14<\/li>\n<li>Perfil: 8 mm<\/li>\n<li>Peso: 190 grs.<\/li>\n<li>Se incluyen los siguientes accesorios: <strong>Cargador y Manual <\/strong><\/li>\n<li><strong>Garant\u00eda:<\/strong> 12 meses contra defecto de fabricaci\u00f3n<\/li>\n<\/ul>\n<h4><\/h4>\n<h4><span style=\"color: #ff0000;\"><strong>Contado efectivo: 10% de Descuento<\/strong><\/span><\/h4>\n<h5><strong>*Las im\u00e1genes son a modo ilustrativo.<\/strong><\/h5>\n","protected":false},"excerpt":{"rendered":"<h3><strong><span style=\"font-family: 'Cambria','serif'; color: #339966;\">U$S 345<\/span><\/strong><\/h3>\n","protected":false},"featured_media":44105,"comment_status":"open","ping_status":"closed","template":"","meta":[],"_links":{"self":[{"href":"https:\/\/www.appoloviracel.com.uy\/index.php\/wp-json\/wp\/v2\/product\/44103"}],"collection":[{"href":"https:\/\/www.appoloviracel.com.uy\/index.php\/wp-json\/wp\/v2\/product"}],"about":[{"href":"https:\/\/www.appoloviracel.com.uy\/index.php\/wp-json\/wp\/v2\/types\/product"}],"replies":[{"embeddable":true,"href":"https:\/\/www.appoloviracel.com.uy\/index.php\/wp-json\/wp\/v2\/comments?post=44103"}],"wp:featuredmedia":[{"embeddable":true,"href":"https:\/\/www.appoloviracel.com.uy\/index.php\/wp-json\/wp\/v2\/media\/44105"}],"wp:attachment":[{"href":"https:\/\/www.appoloviracel.com.uy\/index.php\/wp-json\/wp\/v2\/media?parent=44103"}],"curies":[{"name":"wp","href":"https:\/\/api.w.org\/{rel}","templated":true}]}}