{"id":44077,"date":"2025-07-26T19:59:22","date_gmt":"2025-07-26T22:59:22","guid":{"rendered":"https:\/\/www.appoloviracel.com.uy\/?post_type=product&#038;p=44077"},"modified":"2025-09-19T15:13:23","modified_gmt":"2025-09-19T18:13:23","slug":"cargador-proove-doble-energy-plus-usb-type-c-53w-para-auto","status":"publish","type":"product","link":"https:\/\/www.appoloviracel.com.uy\/index.php\/product\/cargador-proove-doble-energy-plus-usb-type-c-53w-para-auto\/","title":{"rendered":"Cargador Proove \u00abDoble Energy Plus\u00bb (USB + Type-C) 53w para auto"},"content":{"rendered":"<h2>Caracter\u00edsticas y especificaciones:<\/h2>\n<p>Versatilidad : Double Energy Plus es un cargador de coche compacto y funcional para sus gadgets. Soporta todos los protocolos de carga r\u00e1pida conocidos, desde PD 3.0 hasta MTK PE. Esto le permite cargar cualquier dispositivo conveniente y r\u00e1pidamente. Adem\u00e1s, ambos conectores soportan este tipo de carga incluso cuando se utilizan simult\u00e1neamente.<\/p>\n<p>Especificaciones t\u00e9cnicas: Double Energy le permite conectar dos dispositivos a la vez utilizando puertos USB y Type-C. El primero tiene una potencia m\u00e1xima de hasta 18W, el segundo hasta 35W, y cuando se cobran simult\u00e1neamente, entregan hasta 53W, respectivamente. Resistencia actual en cada salida USB: 5V\/3A, 9V\/2A, 12V\/1.5A, y en la salida Tour-C: 5V\/A, 9V\/3A, 12V\/2.92A.<\/p>\n<p>Propiedades de protecci\u00f3n: Doble Energ\u00eda, dependiendo de la carga, ajusta autom\u00e1ticamente el voltaje de salida para cargar de forma segura su gadget. El sistema inteligente integrado reconoce el dispositivo conectado y regula la fuente de alimentaci\u00f3n, protegiendo sus dispositivos de corriente o voltaje excesivos, altas temperaturas y cortocircuitos.<\/p>\n<ul>\n<li>Material: Aluminio<\/li>\n<li>Producto: Tipo-C, USB<\/li>\n<li>Entrada: CC 12\/24V<\/li>\n<li>Puertos de conexi\u00f3n Tipo-C: 35W<\/li>\n<li>Puertos de conexi\u00f3n USB: 18W<\/li>\n<li>Salida total: 53W<\/li>\n<li>Protocolos de tarificaci\u00f3n r\u00e1pidos: PD, QC<\/li>\n<li>Tama\u00f1o del producto: 27,67 * 60,71 * 11,5 mm<\/li>\n<li>Potencia de salida de tipo C: DC 5V\/3A, 9V\/3A, 12V\/2.92A, 15V\/2.33A, 20V\/1.75A (PPS: 3.3V-11V\/3A) (35W)<\/li>\n<li>Potencia de salida USB: DC 5V\/3A, 9V\/2A, 12V\/1.5A (18W)<\/li>\n<li>Peso: 35,8grs<\/li>\n<\/ul>\n<h5><strong>\u00a0<\/strong><\/h5>\n<h5><strong>*Las im\u00e1genes son a modo ilustrativo.<\/strong><\/h5>\n","protected":false},"excerpt":{"rendered":"<h3><strong><span style=\"font-family: 'Cambria','serif'; color: #339966;\">$ 650<\/span><\/strong><\/h3>\n","protected":false},"featured_media":44078,"comment_status":"open","ping_status":"closed","template":"","meta":[],"_links":{"self":[{"href":"https:\/\/www.appoloviracel.com.uy\/index.php\/wp-json\/wp\/v2\/product\/44077"}],"collection":[{"href":"https:\/\/www.appoloviracel.com.uy\/index.php\/wp-json\/wp\/v2\/product"}],"about":[{"href":"https:\/\/www.appoloviracel.com.uy\/index.php\/wp-json\/wp\/v2\/types\/product"}],"replies":[{"embeddable":true,"href":"https:\/\/www.appoloviracel.com.uy\/index.php\/wp-json\/wp\/v2\/comments?post=44077"}],"wp:featuredmedia":[{"embeddable":true,"href":"https:\/\/www.appoloviracel.com.uy\/index.php\/wp-json\/wp\/v2\/media\/44078"}],"wp:attachment":[{"href":"https:\/\/www.appoloviracel.com.uy\/index.php\/wp-json\/wp\/v2\/media?parent=44077"}],"curies":[{"name":"wp","href":"https:\/\/api.w.org\/{rel}","templated":true}]}}