{"id":43969,"date":"2025-07-01T18:03:14","date_gmt":"2025-07-01T21:03:14","guid":{"rendered":"https:\/\/www.appoloviracel.com.uy\/?post_type=product&#038;p=43969"},"modified":"2025-07-25T19:11:12","modified_gmt":"2025-07-25T22:11:12","slug":"auricular-xiaomi-redmi-buds-5-bluetooth","status":"publish","type":"product","link":"https:\/\/www.appoloviracel.com.uy\/index.php\/product\/auricular-xiaomi-redmi-buds-5-bluetooth\/","title":{"rendered":"Auricular Xiaomi \u00abRedmi Buds 5\u00bb (Bluetooth)"},"content":{"rendered":"<h2>Caracter\u00edsticas y especificaciones:<\/h2>\n<p>Los Auriculares Xiaomi Redmi Buds ofrecen una experiencia auditiva envolvente gracias a su avanzada tecnolog\u00eda. Con un dise\u00f1o ergon\u00f3mico de media oreja y \u00e1ngulo \u00f3ptimo, garantizan comodidad durante su uso. Equipados con un potente controlador din\u00e1mico de 12.4 mm y diafragma chapado en titanio, estos auriculares proporcionan una calidad de sonido excepcional. La conectividad Bluetooth 5.3 asegura una conexi\u00f3n r\u00e1pida y estable, mientras que el c\u00f3dec de audio de alta definici\u00f3n garantiza detalles sonoros ricos. La duraci\u00f3n de la bater\u00eda es impresionante, con hasta 10 horas de reproducci\u00f3n continua con una sola carga y hasta 40 horas con el estuche de carga incluido. Esto te permite disfrutar de tu m\u00fasica durante per\u00edodos prolongados sin preocuparte por la bater\u00eda. Adem\u00e1s, los Xiaomi Redmi Buds 5 incorporan un micr\u00f3fono para llamadas n\u00edtidas y la tecnolog\u00eda de cancelaci\u00f3n de ruido ambiental (ENC), asegurando una comunicaci\u00f3n clara incluso en entornos ruidosos. Estos auriculares son ideales para aquellos que buscan una combinaci\u00f3n de comodidad, calidad de audio y duraci\u00f3n de bater\u00eda excepcionales.<\/p>\n<ul>\n<li>Dise\u00f1o: Ergon\u00f3mico<\/li>\n<li>Micr\u00f3fono: Incorporado<\/li>\n<li>Conectividad: Bluetooth 5.3<\/li>\n<li>Distancia de transmisi\u00f3n: 10 metros<\/li>\n<li>Duraci\u00f3n de la bater\u00eda: 50 horas aprox. (10 horas auriculares y 40 horas con estuche)<\/li>\n<li>Rango de comunicaci\u00f3n 10m (espacio abierto libre de obst\u00e1culos)<\/li>\n<li>Puerto de carga: tipo C<\/li>\n<li>Admite conexi\u00f3n de dispositivo dual<\/li>\n<\/ul>\n<p>&nbsp;<\/p>\n<h5><strong>*Las im\u00e1genes son a modo ilustrativo.<\/strong><\/h5>\n","protected":false},"excerpt":{"rendered":"<h3><span style=\"color: #339966;\"><strong>$ 2.490<\/strong><\/span><\/h3>\n","protected":false},"featured_media":43970,"comment_status":"open","ping_status":"closed","template":"","meta":[],"_links":{"self":[{"href":"https:\/\/www.appoloviracel.com.uy\/index.php\/wp-json\/wp\/v2\/product\/43969"}],"collection":[{"href":"https:\/\/www.appoloviracel.com.uy\/index.php\/wp-json\/wp\/v2\/product"}],"about":[{"href":"https:\/\/www.appoloviracel.com.uy\/index.php\/wp-json\/wp\/v2\/types\/product"}],"replies":[{"embeddable":true,"href":"https:\/\/www.appoloviracel.com.uy\/index.php\/wp-json\/wp\/v2\/comments?post=43969"}],"wp:featuredmedia":[{"embeddable":true,"href":"https:\/\/www.appoloviracel.com.uy\/index.php\/wp-json\/wp\/v2\/media\/43970"}],"wp:attachment":[{"href":"https:\/\/www.appoloviracel.com.uy\/index.php\/wp-json\/wp\/v2\/media?parent=43969"}],"curies":[{"name":"wp","href":"https:\/\/api.w.org\/{rel}","templated":true}]}}