{"id":43946,"date":"2025-06-24T20:45:24","date_gmt":"2025-06-24T23:45:24","guid":{"rendered":"https:\/\/www.appoloviracel.com.uy\/?post_type=product&#038;p=43946"},"modified":"2026-02-20T11:29:27","modified_gmt":"2026-02-20T14:29:27","slug":"auricular-qcy-melobuds-pro-bluetooth","status":"publish","type":"product","link":"https:\/\/www.appoloviracel.com.uy\/index.php\/product\/auricular-qcy-melobuds-pro-bluetooth\/","title":{"rendered":"Auricular QCY \u00abMeloBuds Pro\u00bb (Bluetooth)"},"content":{"rendered":"<h2>Caracter\u00edsticas y especificaciones:<\/h2>\n<ul>\n<li>Reduce el ruido hasta 46 dB: QCY Melobuds Pro cuenta con ANC adaptativo \u00fanico que detecta autom\u00e1ticamente el ruido ambiental y utiliza algoritmos avanzados para lograr una cancelaci\u00f3n de ruido efectiva. Puedes elegir 4 modos diferentes de cancelaci\u00f3n de ruido que se adaptan a tu entorno, manteni\u00e9ndote inmerso en cualquier lugar.<\/li>\n<li>Sonido de alta resoluci\u00f3n con LDAC: Experimenta la verdadera fidelidad con el potente controlador de biodiafragma grande de 0.472 in que admite LDAC y audio de alta resoluci\u00f3n. Los MeloBuds Pro transfieren 3 veces m\u00e1s detalles que otros auriculares Bluetooth para la m\u00e1s alta calidad en audio inal\u00e1mbrico Bluetooth. (*LDAC solo es compatible con dispositivos Android, active LDAC en la configuraci\u00f3n de la aplicaci\u00f3n)<\/li>\n<li>6 micr\u00f3fonos alimentados por IA para llamadas de cristal: Alimentado por tecnolog\u00eda ENC avanzada y 6 micr\u00f3fonos alimentados por algoritmo de IA que capta tu voz con precisi\u00f3n y bloquea el ruido de fondo. Ser escuchado claramente cada vez que est\u00e9 en llamadas, chats de video, transmisiones en vivo, etc.<\/li>\n<li>34 horas de tiempo total de reproducci\u00f3n: Los auriculares ofrecen 7.5 horas de tiempo de escucha por carga, y tres recargas a trav\u00e9s de la funda de carga prolongan tu tiempo de escucha hasta 34 horas. Te dan un gran sonido en HD, escucha m\u00e1s duradera, y todo est\u00e1 sucediendo desde la ma\u00f1ana hasta la noche.<\/li>\n<li>Emparejamiento multipunto y baja linterna: los auriculares inal\u00e1mbricos admiten la conexi\u00f3n y el cambio entre dos dispositivos simult\u00e1neamente utilizando la \u00faltima tecnolog\u00eda Bluetooth 5.3. Disfruta de una baja latencia de 80 ms que mantiene sincronizados pel\u00edculas y juegos.<\/li>\n<li>Aplicaci\u00f3n QCY personalizada y detecci\u00f3n intrauditiva: la aplicaci\u00f3n QCY permite a los usuarios personalizar la configuraci\u00f3n de ecualizador y actualizar el firmware para una experiencia de audio optimizada. El audio solo se reproduce cuando llevas MeloBuds Pro y se detiene cuando te quitan la oreja<\/li>\n<\/ul>\n<ul>\n<li>. Bluetooth 5.3 con c\u00f3dec AAC y LDAC<\/li>\n<li>Clasificaci\u00f3n de resistencia al agua IPX5 (a prueba de lluvia y sudor)<\/li>\n<li>7 &#8211; 8,5 horas de reproducci\u00f3n con una sola carga (ANC activado\/desactivado)<\/li>\n<li>El estuche de carga puede cargar los auriculares por completo 3 veces<\/li>\n<li>Tiene : ANC, Transparencia, soporte de aplicaciones, conexi\u00f3n multipunto, modo de juego, audio espacial<\/li>\n<li>Color: Dorado y Negro<\/li>\n<\/ul>\n<h5><strong>\u00a0<\/strong><\/h5>\n<h5><strong>*Las im\u00e1genes son a modo ilustrativo.<\/strong><\/h5>\n","protected":false},"excerpt":{"rendered":"<h3><span style=\"color: #339966;\"><strong>$ 1.950<\/strong><\/span><\/h3>\n","protected":false},"featured_media":43947,"comment_status":"open","ping_status":"closed","template":"","meta":[],"_links":{"self":[{"href":"https:\/\/www.appoloviracel.com.uy\/index.php\/wp-json\/wp\/v2\/product\/43946"}],"collection":[{"href":"https:\/\/www.appoloviracel.com.uy\/index.php\/wp-json\/wp\/v2\/product"}],"about":[{"href":"https:\/\/www.appoloviracel.com.uy\/index.php\/wp-json\/wp\/v2\/types\/product"}],"replies":[{"embeddable":true,"href":"https:\/\/www.appoloviracel.com.uy\/index.php\/wp-json\/wp\/v2\/comments?post=43946"}],"wp:featuredmedia":[{"embeddable":true,"href":"https:\/\/www.appoloviracel.com.uy\/index.php\/wp-json\/wp\/v2\/media\/43947"}],"wp:attachment":[{"href":"https:\/\/www.appoloviracel.com.uy\/index.php\/wp-json\/wp\/v2\/media?parent=43946"}],"curies":[{"name":"wp","href":"https:\/\/api.w.org\/{rel}","templated":true}]}}