{"id":43899,"date":"2025-06-10T19:21:35","date_gmt":"2025-06-10T22:21:35","guid":{"rendered":"https:\/\/www.appoloviracel.com.uy\/?post_type=product&#038;p=43899"},"modified":"2025-07-04T17:21:23","modified_gmt":"2025-07-04T20:21:23","slug":"cargador-foneng-gan30-65w-usb-c-usb-a-fast-charger","status":"publish","type":"product","link":"https:\/\/www.appoloviracel.com.uy\/index.php\/product\/cargador-foneng-gan30-65w-usb-c-usb-a-fast-charger\/","title":{"rendered":"Cargador Foneng \u00abGaN30\u00bb 65w USB-C + USB-A Fast Charger"},"content":{"rendered":"<h2>Caracter\u00edsticas y especificaciones:<\/h2>\n<p>El cargador <strong data-start=\"12\" data-end=\"28\">Foneng GaN30<\/strong> es un adaptador compacto y eficiente que utiliza tecnolog\u00eda de nitruro de galio (GaN), permitiendo una carga r\u00e1pida con menor generaci\u00f3n de calor. Cuenta con dos puertos (USB-C y USB-A) y ofrece hasta <strong data-start=\"230\" data-end=\"255\">65W de potencia total<\/strong>, ideal para cargar laptops, tablets y smartphones al mismo tiempo. Su dise\u00f1o liviano y port\u00e1til lo hace adecuado tanto para uso diario como para viajes. Adem\u00e1s, incorpora m\u00faltiples sistemas de protecci\u00f3n para garantizar una carga segura.<\/p>\n<ul>\n<li>Modelo GaN30<\/li>\n<li>Potencia de salida 65W m\u00e1x.<\/li>\n<li>Entrada 100-240V 50\/60Hz<\/li>\n<li>Producci\u00f3n<\/li>\n<li>Salida USB: 5 V-3 A, 9 V-3 A, 12 V-3 A, 20 V-2,25 A (45 W m\u00e1x.)<\/li>\n<li>Salida tipo C: 5V3A, 9V3A, 12V3A; 15V3A, 20V3.25A (65W m\u00e1x.)<\/li>\n<li>Salida combinada (uso simult\u00e1neo): 5V3A<\/li>\n<li>Potencia total: 65W<\/li>\n<li>PPS: 3,3-21,0 V 3,0 A.<\/li>\n<li>Peso 87,5 \u00b1 1 g<\/li>\n<li>Tama\u00f1o del producto 96,5*57*32mm<\/li>\n<\/ul>\n<h5><strong>\u00a0<\/strong><\/h5>\n<h5><strong>*Las im\u00e1genes son a modo ilustrativo.<\/strong><\/h5>\n","protected":false},"excerpt":{"rendered":"<h3><strong><span style=\"font-family: 'Cambria','serif'; color: #339966;\">$ 1.190<\/span><\/strong><\/h3>\n","protected":false},"featured_media":43900,"comment_status":"open","ping_status":"closed","template":"","meta":[],"_links":{"self":[{"href":"https:\/\/www.appoloviracel.com.uy\/index.php\/wp-json\/wp\/v2\/product\/43899"}],"collection":[{"href":"https:\/\/www.appoloviracel.com.uy\/index.php\/wp-json\/wp\/v2\/product"}],"about":[{"href":"https:\/\/www.appoloviracel.com.uy\/index.php\/wp-json\/wp\/v2\/types\/product"}],"replies":[{"embeddable":true,"href":"https:\/\/www.appoloviracel.com.uy\/index.php\/wp-json\/wp\/v2\/comments?post=43899"}],"wp:featuredmedia":[{"embeddable":true,"href":"https:\/\/www.appoloviracel.com.uy\/index.php\/wp-json\/wp\/v2\/media\/43900"}],"wp:attachment":[{"href":"https:\/\/www.appoloviracel.com.uy\/index.php\/wp-json\/wp\/v2\/media?parent=43899"}],"curies":[{"name":"wp","href":"https:\/\/api.w.org\/{rel}","templated":true}]}}